{"id":326,"date":"2016-11-09T16:48:20","date_gmt":"2016-11-09T16:48:20","guid":{"rendered":"https:\/\/www.institut-myologie.org\/imotion\/?page_id=326"},"modified":"2023-03-20T14:27:48","modified_gmt":"2023-03-20T12:27:48","slug":"consultation","status":"publish","type":"page","link":"https:\/\/www.institut-myologie.org\/imotion\/consultation\/","title":{"rendered":"Consultation"},"content":{"rendered":"<p>La consultation \u00e0 I-Motion est assur\u00e9e par des m\u00e9decins, kin\u00e9sith\u00e9rapeutes et ergoth\u00e9rapeute. Nous avons trois salles pour les consultations m\u00e9dicales et deux salles d\u2019\u00e9valuation pour les kin\u00e9sith\u00e9rapeutes.<\/p>\n<div class=\"entry__gallery packery row large-12\"><div class=\"col-4 entry__gallery__column\"><div class=\"entry__image column\"><div class=\"background-container\" style=\"background-image:url(https:\/\/www.institut-myologie.org\/imotion\/wp-content\/uploads\/2021\/12\/AFMTLT_201027_IMOTION_Consult_Enf_DMD_CH_003-modif.png)\"><\/div><\/div><\/div><div class=\"col-4 entry__gallery__column\"><div class=\"entry__image column\"><div class=\"background-container\" style=\"background-image:url(https:\/\/www.institut-myologie.org\/imotion\/wp-content\/uploads\/2021\/12\/AFMTLT_201104_IMOTION_Consult_Enf_DMD_CH_073-modif.png)\"><\/div><\/div><\/div><div class=\"col-4 entry__gallery__column\"><div class=\"entry__image column\"><div class=\"background-container\" style=\"background-image:url(https:\/\/www.institut-myologie.org\/imotion\/wp-content\/uploads\/2021\/12\/AFMTLT_201104_IMOTION_Consult_Enf_DMD_CH_033-modif.png)\"><\/div><\/div><\/div><\/div>\n<p><a href=\"https:\/\/www.institut-myologie.org\/imotion\/wp-content\/uploads\/2016\/11\/Carte-patients-06-12-2016.jpg\"><img loading=\"lazy\" decoding=\"async\" class=\"wp-image-734 aligncenter\" src=\"https:\/\/www.institut-myologie.org\/imotion\/wp-content\/uploads\/2016\/11\/Carte-patients-06-12-2016-300x175.jpg\" alt=\"Carte-patients-06-12-2016\" width=\"600\" height=\"350\" srcset=\"https:\/\/www.institut-myologie.org\/imotion\/wp-content\/uploads\/2016\/11\/Carte-patients-06-12-2016-300x175.jpg 300w, https:\/\/www.institut-myologie.org\/imotion\/wp-content\/uploads\/2016\/11\/Carte-patients-06-12-2016-768x447.jpg 768w, https:\/\/www.institut-myologie.org\/imotion\/wp-content\/uploads\/2016\/11\/Carte-patients-06-12-2016-1024x597.jpg 1024w, https:\/\/www.institut-myologie.org\/imotion\/wp-content\/uploads\/2016\/11\/Carte-patients-06-12-2016.jpg 1500w\" sizes=\"auto, (max-width: 600px) 100vw, 600px\" \/><\/a>Plus de 300 patients sont suivis chaque ann\u00e9e \u00e0 I-Motion P\u00e9diatrique. Nous accueillons des patients de tous \u00e2ges (des nouveaux n\u00e9s jusqu\u2019\u00e0 l&rsquo;\u00e2ge adulte)\u00a0 et de toutes nationalit\u00e9s (France, Pologne, Roumanie, Royaume-Uni\u2026). I-Motion peut assurer le suivi pluridisciplinaire des enfants pr\u00e9sentant une maladie neuromusculaire, mais \u00e9galement se limiter \u00e0 donner un second avis sur un diagnostic ou un traitement.<\/p>\n<p>Les principales maladies neuromusculaires diagnostiqu\u00e9es et prises en charge sont : Dystrophie musculaire de Duchenne, Amyotrophie spinale, Myopathie cong\u00e9nitale, Myasth\u00e9nie cong\u00e9nitale ou auto-immune, Maladie inflammatoire, Maladie rare sans diagnostic pos\u00e9\u2026<\/p>\n<h2>Un suivi global du patient<strong><br \/>\n<\/strong><\/h2>\n<p>Le suivi est assur\u00e9 par une <a href=\"https:\/\/www.institut-myologie.org\/imotion\/lequipe\/\" target=\"_blank\" rel=\"noopener noreferrer\">\u00e9quipe pluridisciplinaire<\/a> : cardiologue, pneumologue, m\u00e9decin physique et de r\u00e9adaptation, orthop\u00e9diste, neurologue, p\u00e9diatre, nutritionniste, psychologue, ergoth\u00e9rapeute, kin\u00e9sith\u00e9rapeute, selon les standards de soin r\u00e9guli\u00e8rement mis \u00e0 jour.<\/p>\n<p>Les <a href=\"https:\/\/www.institut-myologie.org\/imotion\/la-prise-en-charge-par-les-kinesitherapeutes\/\" target=\"_blank\" rel=\"noopener noreferrer\">kin\u00e9sith\u00e9rapeutes d\u2019I-Motion<\/a> r\u00e9alisent le lien avec les kin\u00e9sith\u00e9rapeutes de soins en ville afin d\u2019assurer une prise en charge compl\u00e8te et de permettre un suivi global du patient.<\/p>\n<p>L\u2019ergoth\u00e9rapeute intervient pour aider \u00e0 la prescription et l\u2019adaptation soit d\u2019appareillages (orth\u00e8ses, fauteuil roulant) soit de l\u2019environnement de l\u2019enfant (logement, v\u00e9hicule, milieu scolaire).<\/p>\n<p>Le psychologue intervient aupr\u00e8s des enfants, de leurs parents et de la fratrie, tout au long du parcours de soins (diagnostic, perte de la marche, chirurgie\u2026), pour pr\u00e9venir et accompagner les r\u00e9percussions n\u00e9gatives de la maladie sur le plan psychique. Il peut \u00e9galement intervenir pour aider les parents \u00e0 penser des d\u00e9cisions complexes (mise en place d\u2019un traitement, participation \u00e0 un essai clinique\u2026) et les guider dans leur parentalit\u00e9. Des entretiens ponctuels peuvent \u00eatre propos\u00e9s par le m\u00e9decin ou \u00eatre organis\u00e9s \u00e0 la demande des parents en pr\u00e9sentiel ou \u00e0 distance. En fonction de chaque situation, un lien avec les soins de ville est mis en place.<\/p>\n<p>Les <a href=\"http:\/\/www.afm-telethon.fr\/actualites\/telethon-apres-9-100625\" target=\"_blank\" rel=\"noopener noreferrer\">r\u00e9f\u00e9rents parcours de sant\u00e9<\/a> de l\u2019<a href=\"http:\/\/www.afm-telethon.fr\/\" target=\"_blank\" rel=\"noopener noreferrer\">AFM-T\u00e9l\u00e9thon<\/a> sont en lien direct avec l&rsquo;\u00e9quipe d&rsquo;I-Motion pour assurer l\u2019accompagnement des patients, dans leur projet de vie et dans leurs relations avec l&rsquo;environnement (\u00e9cole, structures m\u00e9dico-sociales, travail&#8230;).<\/p>\n","protected":false},"excerpt":{"rendered":"<p>La consultation \u00e0 I-Motion est assur\u00e9e par des m\u00e9decins, kin\u00e9sith\u00e9rapeutes et ergoth\u00e9rapeute. Nous avons trois salles pour les consultations m\u00e9dicales et deux salles d\u2019\u00e9valuation pour les kin\u00e9sith\u00e9rapeutes. Plus de 300 patients sont suivis chaque ann\u00e9e \u00e0 I-Motion P\u00e9diatrique. Nous accueillons des patients de tous \u00e2ges (des nouveaux n\u00e9s jusqu\u2019\u00e0 l&rsquo;\u00e2ge adulte)\u00a0 et de toutes nationalit\u00e9s &hellip; <a href=\"https:\/\/www.institut-myologie.org\/imotion\/consultation\/\">Continued<\/a><\/p>\n","protected":false},"author":3,"featured_media":0,"parent":0,"menu_order":0,"comment_status":"closed","ping_status":"closed","template":"","meta":{"_acf_changed":false,"footnotes":""},"class_list":["post-326","page","type-page","status-publish","hentry"],"acf":[],"yoast_head":"<!-- This site is optimized with the Yoast SEO plugin v27.1.1 - https:\/\/yoast.com\/product\/yoast-seo-wordpress\/ -->\n<title>Consultation - I-Motion<\/title>\n<meta name=\"description\" content=\"Plus de 400 patients sont suivis chaque ann\u00e9e \u00e0 I-Motion, de tous \u00e2ges (des nouveaux n\u00e9s jusqu\u2019\u00e0 l&#039;\u00e2ge adulte) et de toutes nationalit\u00e9s.\" \/>\n<meta name=\"robots\" content=\"index, follow, max-snippet:-1, max-image-preview:large, max-video-preview:-1\" \/>\n<link rel=\"canonical\" href=\"https:\/\/www.institut-myologie.org\/imotion\/consultation\/\" \/>\n<meta property=\"og:locale\" content=\"fr_FR\" \/>\n<meta property=\"og:type\" content=\"article\" \/>\n<meta property=\"og:title\" content=\"Consultation - I-Motion\" \/>\n<meta property=\"og:description\" content=\"Plus de 400 patients sont suivis chaque ann\u00e9e \u00e0 I-Motion, de tous \u00e2ges (des nouveaux n\u00e9s jusqu\u2019\u00e0 l&#039;\u00e2ge adulte) et de toutes nationalit\u00e9s.\" \/>\n<meta property=\"og:url\" content=\"https:\/\/www.institut-myologie.org\/imotion\/consultation\/\" \/>\n<meta property=\"og:site_name\" content=\"I-Motion\" \/>\n<meta property=\"article:modified_time\" content=\"2023-03-20T12:27:48+00:00\" \/>\n<meta property=\"og:image\" content=\"https:\/\/www.institut-myologie.org\/imotion\/wp-content\/uploads\/2016\/11\/Carte-patients-06-12-2016-300x175.jpg\" \/>\n<meta name=\"twitter:card\" content=\"summary_large_image\" \/>\n<meta name=\"twitter:label1\" content=\"Dur\u00e9e de lecture estim\u00e9e\" \/>\n\t<meta name=\"twitter:data1\" content=\"2 minutes\" \/>\n<script type=\"application\/ld+json\" class=\"yoast-schema-graph\">{\"@context\":\"https:\/\/schema.org\",\"@graph\":[{\"@type\":\"WebPage\",\"@id\":\"https:\/\/www.institut-myologie.org\/imotion\/consultation\/\",\"url\":\"https:\/\/www.institut-myologie.org\/imotion\/consultation\/\",\"name\":\"Consultation - I-Motion\",\"isPartOf\":{\"@id\":\"https:\/\/www.institut-myologie.org\/imotion\/#website\"},\"primaryImageOfPage\":{\"@id\":\"https:\/\/www.institut-myologie.org\/imotion\/consultation\/#primaryimage\"},\"image\":{\"@id\":\"https:\/\/www.institut-myologie.org\/imotion\/consultation\/#primaryimage\"},\"thumbnailUrl\":\"https:\/\/www.institut-myologie.org\/imotion\/wp-content\/uploads\/2016\/11\/Carte-patients-06-12-2016-300x175.jpg\",\"datePublished\":\"2016-11-09T16:48:20+00:00\",\"dateModified\":\"2023-03-20T12:27:48+00:00\",\"description\":\"Plus de 400 patients sont suivis chaque ann\u00e9e \u00e0 I-Motion, de tous \u00e2ges (des nouveaux n\u00e9s jusqu\u2019\u00e0 l'\u00e2ge adulte) et de toutes nationalit\u00e9s.\",\"breadcrumb\":{\"@id\":\"https:\/\/www.institut-myologie.org\/imotion\/consultation\/#breadcrumb\"},\"inLanguage\":\"fr-FR\",\"potentialAction\":[{\"@type\":\"ReadAction\",\"target\":[\"https:\/\/www.institut-myologie.org\/imotion\/consultation\/\"]}]},{\"@type\":\"ImageObject\",\"inLanguage\":\"fr-FR\",\"@id\":\"https:\/\/www.institut-myologie.org\/imotion\/consultation\/#primaryimage\",\"url\":\"https:\/\/www.institut-myologie.org\/imotion\/wp-content\/uploads\/2016\/11\/Carte-patients-06-12-2016.jpg\",\"contentUrl\":\"https:\/\/www.institut-myologie.org\/imotion\/wp-content\/uploads\/2016\/11\/Carte-patients-06-12-2016.jpg\",\"width\":1500,\"height\":874},{\"@type\":\"BreadcrumbList\",\"@id\":\"https:\/\/www.institut-myologie.org\/imotion\/consultation\/#breadcrumb\",\"itemListElement\":[{\"@type\":\"ListItem\",\"position\":1,\"name\":\"Home\",\"item\":\"https:\/\/www.institut-myologie.org\/imotion\/\"},{\"@type\":\"ListItem\",\"position\":2,\"name\":\"Consultation\"}]},{\"@type\":\"WebSite\",\"@id\":\"https:\/\/www.institut-myologie.org\/imotion\/#website\",\"url\":\"https:\/\/www.institut-myologie.org\/imotion\/\",\"name\":\"I-Motion\",\"description\":\"Plateforme d&#039;essais cliniques p\u00e9diatriques pour les maladies neuromusculaires\",\"publisher\":{\"@id\":\"https:\/\/www.institut-myologie.org\/imotion\/#organization\"},\"potentialAction\":[{\"@type\":\"SearchAction\",\"target\":{\"@type\":\"EntryPoint\",\"urlTemplate\":\"https:\/\/www.institut-myologie.org\/imotion\/?s={search_term_string}\"},\"query-input\":{\"@type\":\"PropertyValueSpecification\",\"valueRequired\":true,\"valueName\":\"search_term_string\"}}],\"inLanguage\":\"fr-FR\"},{\"@type\":\"Organization\",\"@id\":\"https:\/\/www.institut-myologie.org\/imotion\/#organization\",\"name\":\"Institut I-Motion\",\"url\":\"https:\/\/www.institut-myologie.org\/imotion\/\",\"logo\":{\"@type\":\"ImageObject\",\"inLanguage\":\"fr-FR\",\"@id\":\"https:\/\/www.institut-myologie.org\/imotion\/#\/schema\/logo\/image\/\",\"url\":\"https:\/\/www.institut-myologie.org\/imotion\/wp-content\/uploads\/2016\/08\/logoImotion.png\",\"contentUrl\":\"https:\/\/www.institut-myologie.org\/imotion\/wp-content\/uploads\/2016\/08\/logoImotion.png\",\"width\":150,\"height\":51,\"caption\":\"Institut I-Motion\"},\"image\":{\"@id\":\"https:\/\/www.institut-myologie.org\/imotion\/#\/schema\/logo\/image\/\"}}]}<\/script>\n<!-- \/ Yoast SEO plugin. -->","yoast_head_json":{"title":"Consultation - I-Motion","description":"Plus de 400 patients sont suivis chaque ann\u00e9e \u00e0 I-Motion, de tous \u00e2ges (des nouveaux n\u00e9s jusqu\u2019\u00e0 l'\u00e2ge adulte) et de toutes nationalit\u00e9s.","robots":{"index":"index","follow":"follow","max-snippet":"max-snippet:-1","max-image-preview":"max-image-preview:large","max-video-preview":"max-video-preview:-1"},"canonical":"https:\/\/www.institut-myologie.org\/imotion\/consultation\/","og_locale":"fr_FR","og_type":"article","og_title":"Consultation - I-Motion","og_description":"Plus de 400 patients sont suivis chaque ann\u00e9e \u00e0 I-Motion, de tous \u00e2ges (des nouveaux n\u00e9s jusqu\u2019\u00e0 l'\u00e2ge adulte) et de toutes nationalit\u00e9s.","og_url":"https:\/\/www.institut-myologie.org\/imotion\/consultation\/","og_site_name":"I-Motion","article_modified_time":"2023-03-20T12:27:48+00:00","og_image":[{"url":"https:\/\/www.institut-myologie.org\/imotion\/wp-content\/uploads\/2016\/11\/Carte-patients-06-12-2016-300x175.jpg","type":"","width":"","height":""}],"twitter_card":"summary_large_image","twitter_misc":{"Dur\u00e9e de lecture estim\u00e9e":"2 minutes"},"schema":{"@context":"https:\/\/schema.org","@graph":[{"@type":"WebPage","@id":"https:\/\/www.institut-myologie.org\/imotion\/consultation\/","url":"https:\/\/www.institut-myologie.org\/imotion\/consultation\/","name":"Consultation - I-Motion","isPartOf":{"@id":"https:\/\/www.institut-myologie.org\/imotion\/#website"},"primaryImageOfPage":{"@id":"https:\/\/www.institut-myologie.org\/imotion\/consultation\/#primaryimage"},"image":{"@id":"https:\/\/www.institut-myologie.org\/imotion\/consultation\/#primaryimage"},"thumbnailUrl":"https:\/\/www.institut-myologie.org\/imotion\/wp-content\/uploads\/2016\/11\/Carte-patients-06-12-2016-300x175.jpg","datePublished":"2016-11-09T16:48:20+00:00","dateModified":"2023-03-20T12:27:48+00:00","description":"Plus de 400 patients sont suivis chaque ann\u00e9e \u00e0 I-Motion, de tous \u00e2ges (des nouveaux n\u00e9s jusqu\u2019\u00e0 l'\u00e2ge adulte) et de toutes nationalit\u00e9s.","breadcrumb":{"@id":"https:\/\/www.institut-myologie.org\/imotion\/consultation\/#breadcrumb"},"inLanguage":"fr-FR","potentialAction":[{"@type":"ReadAction","target":["https:\/\/www.institut-myologie.org\/imotion\/consultation\/"]}]},{"@type":"ImageObject","inLanguage":"fr-FR","@id":"https:\/\/www.institut-myologie.org\/imotion\/consultation\/#primaryimage","url":"https:\/\/www.institut-myologie.org\/imotion\/wp-content\/uploads\/2016\/11\/Carte-patients-06-12-2016.jpg","contentUrl":"https:\/\/www.institut-myologie.org\/imotion\/wp-content\/uploads\/2016\/11\/Carte-patients-06-12-2016.jpg","width":1500,"height":874},{"@type":"BreadcrumbList","@id":"https:\/\/www.institut-myologie.org\/imotion\/consultation\/#breadcrumb","itemListElement":[{"@type":"ListItem","position":1,"name":"Home","item":"https:\/\/www.institut-myologie.org\/imotion\/"},{"@type":"ListItem","position":2,"name":"Consultation"}]},{"@type":"WebSite","@id":"https:\/\/www.institut-myologie.org\/imotion\/#website","url":"https:\/\/www.institut-myologie.org\/imotion\/","name":"I-Motion","description":"Plateforme d&#039;essais cliniques p\u00e9diatriques pour les maladies neuromusculaires","publisher":{"@id":"https:\/\/www.institut-myologie.org\/imotion\/#organization"},"potentialAction":[{"@type":"SearchAction","target":{"@type":"EntryPoint","urlTemplate":"https:\/\/www.institut-myologie.org\/imotion\/?s={search_term_string}"},"query-input":{"@type":"PropertyValueSpecification","valueRequired":true,"valueName":"search_term_string"}}],"inLanguage":"fr-FR"},{"@type":"Organization","@id":"https:\/\/www.institut-myologie.org\/imotion\/#organization","name":"Institut I-Motion","url":"https:\/\/www.institut-myologie.org\/imotion\/","logo":{"@type":"ImageObject","inLanguage":"fr-FR","@id":"https:\/\/www.institut-myologie.org\/imotion\/#\/schema\/logo\/image\/","url":"https:\/\/www.institut-myologie.org\/imotion\/wp-content\/uploads\/2016\/08\/logoImotion.png","contentUrl":"https:\/\/www.institut-myologie.org\/imotion\/wp-content\/uploads\/2016\/08\/logoImotion.png","width":150,"height":51,"caption":"Institut I-Motion"},"image":{"@id":"https:\/\/www.institut-myologie.org\/imotion\/#\/schema\/logo\/image\/"}}]}},"_links":{"self":[{"href":"https:\/\/www.institut-myologie.org\/imotion\/wp-json\/wp\/v2\/pages\/326","targetHints":{"allow":["GET"]}}],"collection":[{"href":"https:\/\/www.institut-myologie.org\/imotion\/wp-json\/wp\/v2\/pages"}],"about":[{"href":"https:\/\/www.institut-myologie.org\/imotion\/wp-json\/wp\/v2\/types\/page"}],"author":[{"embeddable":true,"href":"https:\/\/www.institut-myologie.org\/imotion\/wp-json\/wp\/v2\/users\/3"}],"replies":[{"embeddable":true,"href":"https:\/\/www.institut-myologie.org\/imotion\/wp-json\/wp\/v2\/comments?post=326"}],"version-history":[{"count":36,"href":"https:\/\/www.institut-myologie.org\/imotion\/wp-json\/wp\/v2\/pages\/326\/revisions"}],"predecessor-version":[{"id":2857,"href":"https:\/\/www.institut-myologie.org\/imotion\/wp-json\/wp\/v2\/pages\/326\/revisions\/2857"}],"wp:attachment":[{"href":"https:\/\/www.institut-myologie.org\/imotion\/wp-json\/wp\/v2\/media?parent=326"}],"curies":[{"name":"wp","href":"https:\/\/api.w.org\/{rel}","templated":true}]}}