{"id":315,"date":"2016-11-09T16:34:50","date_gmt":"2016-11-09T16:34:50","guid":{"rendered":"https:\/\/www.institut-myologie.org\/imotion\/?page_id=315"},"modified":"2017-03-27T15:21:50","modified_gmt":"2017-03-27T15:21:50","slug":"goniometrie","status":"publish","type":"page","link":"https:\/\/www.institut-myologie.org\/imotion\/goniometrie\/","title":{"rendered":"Goniom\u00e9trie"},"content":{"rendered":"<p>Le goniom\u00e8tre mesure passivement l&rsquo;amplitude des mouvements et permet de rep\u00e9rer la pr\u00e9sence de d\u00e9ficits articulaires et de r\u00e9tractions musculaires. Il est \u00e9galement possible gr\u00e2ce \u00e0 cet appareil d&rsquo;\u00e9valuer leur progression.<\/p>\n<div class=\"entry__gallery packery row large-12\"><div class=\"col-4 entry__gallery__column\"><div class=\"entry__image column\"><div class=\"background-container\" style=\"background-image:url(https:\/\/www.institut-myologie.org\/imotion\/wp-content\/uploads\/2016\/11\/AFMTLT_150928_Famille_Louis_IMotion_CH_023-1024x683.jpg)\"><\/div><\/div><\/div><div class=\"col-4 entry__gallery__column\"><div class=\"entry__image column\"><div class=\"background-container\" style=\"background-image:url(https:\/\/www.institut-myologie.org\/imotion\/wp-content\/uploads\/2016\/11\/AFMTLT_150928_Famille_Louis_IMotion_CH_026-683x1024.jpg)\"><\/div><\/div><\/div><div class=\"col-4 entry__gallery__column\"><div class=\"entry__image column\"><div class=\"background-container\" style=\"background-image:url(https:\/\/www.institut-myologie.org\/imotion\/wp-content\/uploads\/2016\/11\/AFMTLT_150928_Famille_Louis_IMotion_CH_024-1024x683.jpg)\"><\/div><\/div><\/div><\/div>\n<p>Une fois les d\u00e9ficits identifi\u00e9s, une r\u00e9\u00e9ducation sp\u00e9cifique ou un appareillage adapt\u00e9 sont propos\u00e9s dans le but de lutter contre la progression du d\u00e9ficit et de maintenir la souplesse articulaire.<\/p>\n","protected":false},"excerpt":{"rendered":"<p>Le goniom\u00e8tre mesure passivement l&rsquo;amplitude des mouvements et permet de rep\u00e9rer la pr\u00e9sence de d\u00e9ficits articulaires et de r\u00e9tractions musculaires. Il est \u00e9galement possible gr\u00e2ce \u00e0 cet appareil d&rsquo;\u00e9valuer leur progression. Une fois les d\u00e9ficits identifi\u00e9s, une r\u00e9\u00e9ducation sp\u00e9cifique ou un appareillage adapt\u00e9 sont propos\u00e9s dans le but de lutter contre la progression du d\u00e9ficit &hellip; <a href=\"https:\/\/www.institut-myologie.org\/imotion\/goniometrie\/\">Continued<\/a><\/p>\n","protected":false},"author":3,"featured_media":0,"parent":0,"menu_order":0,"comment_status":"closed","ping_status":"closed","template":"","meta":{"_acf_changed":false,"footnotes":""},"class_list":["post-315","page","type-page","status-publish","hentry"],"acf":[],"yoast_head":"<!-- This site is optimized with the Yoast SEO plugin v27.1.1 - https:\/\/yoast.com\/product\/yoast-seo-wordpress\/ -->\n<title>Goniom\u00e9trie - I-Motion<\/title>\n<meta name=\"description\" content=\"Le goniom\u00e8tre mesure passivement l\u2019amplitude des mouvements et permet de rep\u00e9rer la pr\u00e9sence de d\u00e9ficits articulaires et de r\u00e9tractions musculaires.\" \/>\n<meta name=\"robots\" content=\"index, follow, max-snippet:-1, max-image-preview:large, max-video-preview:-1\" \/>\n<link rel=\"canonical\" href=\"https:\/\/www.institut-myologie.org\/imotion\/goniometrie\/\" \/>\n<meta property=\"og:locale\" content=\"fr_FR\" \/>\n<meta property=\"og:type\" content=\"article\" \/>\n<meta property=\"og:title\" content=\"Goniom\u00e9trie - I-Motion\" \/>\n<meta property=\"og:description\" content=\"Le goniom\u00e8tre mesure passivement l\u2019amplitude des mouvements et permet de rep\u00e9rer la pr\u00e9sence de d\u00e9ficits articulaires et de r\u00e9tractions musculaires.\" \/>\n<meta property=\"og:url\" content=\"https:\/\/www.institut-myologie.org\/imotion\/goniometrie\/\" \/>\n<meta property=\"og:site_name\" content=\"I-Motion\" \/>\n<meta property=\"article:modified_time\" content=\"2017-03-27T15:21:50+00:00\" \/>\n<meta name=\"twitter:card\" content=\"summary_large_image\" \/>\n<script type=\"application\/ld+json\" class=\"yoast-schema-graph\">{\"@context\":\"https:\/\/schema.org\",\"@graph\":[{\"@type\":\"WebPage\",\"@id\":\"https:\/\/www.institut-myologie.org\/imotion\/goniometrie\/\",\"url\":\"https:\/\/www.institut-myologie.org\/imotion\/goniometrie\/\",\"name\":\"Goniom\u00e9trie - I-Motion\",\"isPartOf\":{\"@id\":\"https:\/\/www.institut-myologie.org\/imotion\/#website\"},\"datePublished\":\"2016-11-09T16:34:50+00:00\",\"dateModified\":\"2017-03-27T15:21:50+00:00\",\"description\":\"Le goniom\u00e8tre mesure passivement l\u2019amplitude des mouvements et permet de rep\u00e9rer la pr\u00e9sence de d\u00e9ficits articulaires et de r\u00e9tractions musculaires.\",\"breadcrumb\":{\"@id\":\"https:\/\/www.institut-myologie.org\/imotion\/goniometrie\/#breadcrumb\"},\"inLanguage\":\"fr-FR\",\"potentialAction\":[{\"@type\":\"ReadAction\",\"target\":[\"https:\/\/www.institut-myologie.org\/imotion\/goniometrie\/\"]}]},{\"@type\":\"BreadcrumbList\",\"@id\":\"https:\/\/www.institut-myologie.org\/imotion\/goniometrie\/#breadcrumb\",\"itemListElement\":[{\"@type\":\"ListItem\",\"position\":1,\"name\":\"Home\",\"item\":\"https:\/\/www.institut-myologie.org\/imotion\/\"},{\"@type\":\"ListItem\",\"position\":2,\"name\":\"Goniom\u00e9trie\"}]},{\"@type\":\"WebSite\",\"@id\":\"https:\/\/www.institut-myologie.org\/imotion\/#website\",\"url\":\"https:\/\/www.institut-myologie.org\/imotion\/\",\"name\":\"I-Motion\",\"description\":\"Plateforme d&#039;essais cliniques p\u00e9diatriques pour les maladies neuromusculaires\",\"publisher\":{\"@id\":\"https:\/\/www.institut-myologie.org\/imotion\/#organization\"},\"potentialAction\":[{\"@type\":\"SearchAction\",\"target\":{\"@type\":\"EntryPoint\",\"urlTemplate\":\"https:\/\/www.institut-myologie.org\/imotion\/?s={search_term_string}\"},\"query-input\":{\"@type\":\"PropertyValueSpecification\",\"valueRequired\":true,\"valueName\":\"search_term_string\"}}],\"inLanguage\":\"fr-FR\"},{\"@type\":\"Organization\",\"@id\":\"https:\/\/www.institut-myologie.org\/imotion\/#organization\",\"name\":\"Institut I-Motion\",\"url\":\"https:\/\/www.institut-myologie.org\/imotion\/\",\"logo\":{\"@type\":\"ImageObject\",\"inLanguage\":\"fr-FR\",\"@id\":\"https:\/\/www.institut-myologie.org\/imotion\/#\/schema\/logo\/image\/\",\"url\":\"https:\/\/www.institut-myologie.org\/imotion\/wp-content\/uploads\/2016\/08\/logoImotion.png\",\"contentUrl\":\"https:\/\/www.institut-myologie.org\/imotion\/wp-content\/uploads\/2016\/08\/logoImotion.png\",\"width\":150,\"height\":51,\"caption\":\"Institut I-Motion\"},\"image\":{\"@id\":\"https:\/\/www.institut-myologie.org\/imotion\/#\/schema\/logo\/image\/\"}}]}<\/script>\n<!-- \/ Yoast SEO plugin. -->","yoast_head_json":{"title":"Goniom\u00e9trie - I-Motion","description":"Le goniom\u00e8tre mesure passivement l\u2019amplitude des mouvements et permet de rep\u00e9rer la pr\u00e9sence de d\u00e9ficits articulaires et de r\u00e9tractions musculaires.","robots":{"index":"index","follow":"follow","max-snippet":"max-snippet:-1","max-image-preview":"max-image-preview:large","max-video-preview":"max-video-preview:-1"},"canonical":"https:\/\/www.institut-myologie.org\/imotion\/goniometrie\/","og_locale":"fr_FR","og_type":"article","og_title":"Goniom\u00e9trie - I-Motion","og_description":"Le goniom\u00e8tre mesure passivement l\u2019amplitude des mouvements et permet de rep\u00e9rer la pr\u00e9sence de d\u00e9ficits articulaires et de r\u00e9tractions musculaires.","og_url":"https:\/\/www.institut-myologie.org\/imotion\/goniometrie\/","og_site_name":"I-Motion","article_modified_time":"2017-03-27T15:21:50+00:00","twitter_card":"summary_large_image","schema":{"@context":"https:\/\/schema.org","@graph":[{"@type":"WebPage","@id":"https:\/\/www.institut-myologie.org\/imotion\/goniometrie\/","url":"https:\/\/www.institut-myologie.org\/imotion\/goniometrie\/","name":"Goniom\u00e9trie - I-Motion","isPartOf":{"@id":"https:\/\/www.institut-myologie.org\/imotion\/#website"},"datePublished":"2016-11-09T16:34:50+00:00","dateModified":"2017-03-27T15:21:50+00:00","description":"Le goniom\u00e8tre mesure passivement l\u2019amplitude des mouvements et permet de rep\u00e9rer la pr\u00e9sence de d\u00e9ficits articulaires et de r\u00e9tractions musculaires.","breadcrumb":{"@id":"https:\/\/www.institut-myologie.org\/imotion\/goniometrie\/#breadcrumb"},"inLanguage":"fr-FR","potentialAction":[{"@type":"ReadAction","target":["https:\/\/www.institut-myologie.org\/imotion\/goniometrie\/"]}]},{"@type":"BreadcrumbList","@id":"https:\/\/www.institut-myologie.org\/imotion\/goniometrie\/#breadcrumb","itemListElement":[{"@type":"ListItem","position":1,"name":"Home","item":"https:\/\/www.institut-myologie.org\/imotion\/"},{"@type":"ListItem","position":2,"name":"Goniom\u00e9trie"}]},{"@type":"WebSite","@id":"https:\/\/www.institut-myologie.org\/imotion\/#website","url":"https:\/\/www.institut-myologie.org\/imotion\/","name":"I-Motion","description":"Plateforme d&#039;essais cliniques p\u00e9diatriques pour les maladies neuromusculaires","publisher":{"@id":"https:\/\/www.institut-myologie.org\/imotion\/#organization"},"potentialAction":[{"@type":"SearchAction","target":{"@type":"EntryPoint","urlTemplate":"https:\/\/www.institut-myologie.org\/imotion\/?s={search_term_string}"},"query-input":{"@type":"PropertyValueSpecification","valueRequired":true,"valueName":"search_term_string"}}],"inLanguage":"fr-FR"},{"@type":"Organization","@id":"https:\/\/www.institut-myologie.org\/imotion\/#organization","name":"Institut I-Motion","url":"https:\/\/www.institut-myologie.org\/imotion\/","logo":{"@type":"ImageObject","inLanguage":"fr-FR","@id":"https:\/\/www.institut-myologie.org\/imotion\/#\/schema\/logo\/image\/","url":"https:\/\/www.institut-myologie.org\/imotion\/wp-content\/uploads\/2016\/08\/logoImotion.png","contentUrl":"https:\/\/www.institut-myologie.org\/imotion\/wp-content\/uploads\/2016\/08\/logoImotion.png","width":150,"height":51,"caption":"Institut I-Motion"},"image":{"@id":"https:\/\/www.institut-myologie.org\/imotion\/#\/schema\/logo\/image\/"}}]}},"_links":{"self":[{"href":"https:\/\/www.institut-myologie.org\/imotion\/wp-json\/wp\/v2\/pages\/315","targetHints":{"allow":["GET"]}}],"collection":[{"href":"https:\/\/www.institut-myologie.org\/imotion\/wp-json\/wp\/v2\/pages"}],"about":[{"href":"https:\/\/www.institut-myologie.org\/imotion\/wp-json\/wp\/v2\/types\/page"}],"author":[{"embeddable":true,"href":"https:\/\/www.institut-myologie.org\/imotion\/wp-json\/wp\/v2\/users\/3"}],"replies":[{"embeddable":true,"href":"https:\/\/www.institut-myologie.org\/imotion\/wp-json\/wp\/v2\/comments?post=315"}],"version-history":[{"count":8,"href":"https:\/\/www.institut-myologie.org\/imotion\/wp-json\/wp\/v2\/pages\/315\/revisions"}],"predecessor-version":[{"id":646,"href":"https:\/\/www.institut-myologie.org\/imotion\/wp-json\/wp\/v2\/pages\/315\/revisions\/646"}],"wp:attachment":[{"href":"https:\/\/www.institut-myologie.org\/imotion\/wp-json\/wp\/v2\/media?parent=315"}],"curies":[{"name":"wp","href":"https:\/\/api.w.org\/{rel}","templated":true}]}}