{"id":313,"date":"2016-11-09T16:34:29","date_gmt":"2016-11-09T16:34:29","guid":{"rendered":"https:\/\/www.institut-myologie.org\/imotion\/?page_id=313"},"modified":"2021-08-25T15:58:37","modified_gmt":"2021-08-25T13:58:37","slug":"spirometrie","status":"publish","type":"page","link":"https:\/\/www.institut-myologie.org\/imotion\/spirometrie\/","title":{"rendered":"\u00c9valuation de la fonction respiratoire"},"content":{"rendered":"<p>Pour conna\u00eetre les capacit\u00e9s respiratoires des enfants, nous utilisons diff\u00e9rents examens adapt\u00e9s \u00e0 l\u2019\u00e2ge.<\/p>\n<div class=\"entry__gallery packery row large-12\"><div class=\"col-4 entry__gallery__column\"><div class=\"entry__image column\"><div class=\"background-container\" style=\"background-image:url(https:\/\/www.institut-myologie.org\/imotion\/wp-content\/uploads\/2021\/08\/Evaluation-fonction-respiratoire-I-Motion-2020-1.jpg)\"><\/div><\/div><\/div><div class=\"col-4 entry__gallery__column\"><div class=\"entry__image column\"><div class=\"background-container\" style=\"background-image:url(https:\/\/www.institut-myologie.org\/imotion\/wp-content\/uploads\/2021\/08\/Evaluation-fonction-respiratoire-I-Motion-2020-3.jpg)\"><\/div><\/div><\/div><div class=\"col-4 entry__gallery__column\"><div class=\"entry__image column\"><div class=\"background-container\" style=\"background-image:url(https:\/\/www.institut-myologie.org\/imotion\/wp-content\/uploads\/2021\/08\/Outils3-I-Motion-2020.jpg)\"><\/div><\/div><\/div><\/div>\n<p>Les plus petits \u00e9tant en capacit\u00e9 de renifler, les comp\u00e9tences respiratoires peuvent \u00eatre pr\u00e9cocement \u00e9valu\u00e9es par le sniff test (qui \u00e9value la pression inspiratoire maximale lors du reniflement). De m\u00eame, la toux \u00e9tant un exercice simple, les capacit\u00e9s de d\u00e9sencombrement peuvent \u00eatre investigu\u00e9es par le d\u00e9bit expiratoire de pointe \u00e0 la toux.<\/p>\n<p>Chez les enfants plus grands, la mesure de la capacit\u00e9 respiratoire par spirom\u00e9trie et des pressions inspiratoire et expiratoire permet de mieux appr\u00e9hender la fonction pulmonaire.<\/p>\n<p>Ces valeurs sont enregistr\u00e9es \u00e0 l\u2019aide d\u2019un ordinateur et sont compar\u00e9es aux valeurs th\u00e9oriques d\u2019un enfant sain du m\u00eame \u00e2ge.\u2028 Cela permet de suivre l\u2019\u00e9volution des capacit\u00e9s pulmonaires et d&rsquo;\u00e9valuer le besoin de mise en place de machine de ventilation ou d\u2019outils de r\u00e9\u00e9ducation et d\u2019aide au d\u00e9sencombrement tels que le relaxateur de pression, le percusionnaire ou le cought assist.<\/p>\n","protected":false},"excerpt":{"rendered":"<p>Pour conna\u00eetre les capacit\u00e9s respiratoires des enfants, nous utilisons diff\u00e9rents examens adapt\u00e9s \u00e0 l\u2019\u00e2ge. Les plus petits \u00e9tant en capacit\u00e9 de renifler, les comp\u00e9tences respiratoires peuvent \u00eatre pr\u00e9cocement \u00e9valu\u00e9es par le sniff test (qui \u00e9value la pression inspiratoire maximale lors du reniflement). De m\u00eame, la toux \u00e9tant un exercice simple, les capacit\u00e9s de d\u00e9sencombrement peuvent &hellip; <a href=\"https:\/\/www.institut-myologie.org\/imotion\/spirometrie\/\">Continued<\/a><\/p>\n","protected":false},"author":3,"featured_media":0,"parent":0,"menu_order":0,"comment_status":"closed","ping_status":"closed","template":"","meta":{"_acf_changed":false,"footnotes":""},"class_list":["post-313","page","type-page","status-publish","hentry"],"acf":[],"yoast_head":"<!-- This site is optimized with the Yoast SEO plugin v27.1.1 - https:\/\/yoast.com\/product\/yoast-seo-wordpress\/ -->\n<title>\u00c9valuation de la fonction respiratoire - I-Motion<\/title>\n<meta name=\"description\" content=\"Pour conna\u00eetre les capacit\u00e9s respiratoires des enfants, nous leur faisons r\u00e9aliser divers exercices : respiration profonde, expiration forc\u00e9e, toux.\" \/>\n<meta name=\"robots\" content=\"index, follow, max-snippet:-1, max-image-preview:large, max-video-preview:-1\" \/>\n<link rel=\"canonical\" href=\"https:\/\/www.institut-myologie.org\/imotion\/spirometrie\/\" \/>\n<meta property=\"og:locale\" content=\"fr_FR\" \/>\n<meta property=\"og:type\" content=\"article\" \/>\n<meta property=\"og:title\" content=\"\u00c9valuation de la fonction respiratoire - I-Motion\" \/>\n<meta property=\"og:description\" content=\"Pour conna\u00eetre les capacit\u00e9s respiratoires des enfants, nous leur faisons r\u00e9aliser divers exercices : respiration profonde, expiration forc\u00e9e, toux.\" \/>\n<meta property=\"og:url\" content=\"https:\/\/www.institut-myologie.org\/imotion\/spirometrie\/\" \/>\n<meta property=\"og:site_name\" content=\"I-Motion\" \/>\n<meta property=\"article:modified_time\" content=\"2021-08-25T13:58:37+00:00\" \/>\n<meta name=\"twitter:card\" content=\"summary_large_image\" \/>\n<meta name=\"twitter:label1\" content=\"Dur\u00e9e de lecture estim\u00e9e\" \/>\n\t<meta name=\"twitter:data1\" content=\"1 minute\" \/>\n<script type=\"application\/ld+json\" class=\"yoast-schema-graph\">{\"@context\":\"https:\/\/schema.org\",\"@graph\":[{\"@type\":\"WebPage\",\"@id\":\"https:\/\/www.institut-myologie.org\/imotion\/spirometrie\/\",\"url\":\"https:\/\/www.institut-myologie.org\/imotion\/spirometrie\/\",\"name\":\"\u00c9valuation de la fonction respiratoire - I-Motion\",\"isPartOf\":{\"@id\":\"https:\/\/www.institut-myologie.org\/imotion\/#website\"},\"datePublished\":\"2016-11-09T16:34:29+00:00\",\"dateModified\":\"2021-08-25T13:58:37+00:00\",\"description\":\"Pour conna\u00eetre les capacit\u00e9s respiratoires des enfants, nous leur faisons r\u00e9aliser divers exercices : respiration profonde, expiration forc\u00e9e, toux.\",\"breadcrumb\":{\"@id\":\"https:\/\/www.institut-myologie.org\/imotion\/spirometrie\/#breadcrumb\"},\"inLanguage\":\"fr-FR\",\"potentialAction\":[{\"@type\":\"ReadAction\",\"target\":[\"https:\/\/www.institut-myologie.org\/imotion\/spirometrie\/\"]}]},{\"@type\":\"BreadcrumbList\",\"@id\":\"https:\/\/www.institut-myologie.org\/imotion\/spirometrie\/#breadcrumb\",\"itemListElement\":[{\"@type\":\"ListItem\",\"position\":1,\"name\":\"Home\",\"item\":\"https:\/\/www.institut-myologie.org\/imotion\/\"},{\"@type\":\"ListItem\",\"position\":2,\"name\":\"\u00c9valuation de la fonction respiratoire\"}]},{\"@type\":\"WebSite\",\"@id\":\"https:\/\/www.institut-myologie.org\/imotion\/#website\",\"url\":\"https:\/\/www.institut-myologie.org\/imotion\/\",\"name\":\"I-Motion\",\"description\":\"Plateforme d&#039;essais cliniques p\u00e9diatriques pour les maladies neuromusculaires\",\"publisher\":{\"@id\":\"https:\/\/www.institut-myologie.org\/imotion\/#organization\"},\"potentialAction\":[{\"@type\":\"SearchAction\",\"target\":{\"@type\":\"EntryPoint\",\"urlTemplate\":\"https:\/\/www.institut-myologie.org\/imotion\/?s={search_term_string}\"},\"query-input\":{\"@type\":\"PropertyValueSpecification\",\"valueRequired\":true,\"valueName\":\"search_term_string\"}}],\"inLanguage\":\"fr-FR\"},{\"@type\":\"Organization\",\"@id\":\"https:\/\/www.institut-myologie.org\/imotion\/#organization\",\"name\":\"Institut I-Motion\",\"url\":\"https:\/\/www.institut-myologie.org\/imotion\/\",\"logo\":{\"@type\":\"ImageObject\",\"inLanguage\":\"fr-FR\",\"@id\":\"https:\/\/www.institut-myologie.org\/imotion\/#\/schema\/logo\/image\/\",\"url\":\"https:\/\/www.institut-myologie.org\/imotion\/wp-content\/uploads\/2016\/08\/logoImotion.png\",\"contentUrl\":\"https:\/\/www.institut-myologie.org\/imotion\/wp-content\/uploads\/2016\/08\/logoImotion.png\",\"width\":150,\"height\":51,\"caption\":\"Institut I-Motion\"},\"image\":{\"@id\":\"https:\/\/www.institut-myologie.org\/imotion\/#\/schema\/logo\/image\/\"}}]}<\/script>\n<!-- \/ Yoast SEO plugin. -->","yoast_head_json":{"title":"\u00c9valuation de la fonction respiratoire - I-Motion","description":"Pour conna\u00eetre les capacit\u00e9s respiratoires des enfants, nous leur faisons r\u00e9aliser divers exercices : respiration profonde, expiration forc\u00e9e, toux.","robots":{"index":"index","follow":"follow","max-snippet":"max-snippet:-1","max-image-preview":"max-image-preview:large","max-video-preview":"max-video-preview:-1"},"canonical":"https:\/\/www.institut-myologie.org\/imotion\/spirometrie\/","og_locale":"fr_FR","og_type":"article","og_title":"\u00c9valuation de la fonction respiratoire - I-Motion","og_description":"Pour conna\u00eetre les capacit\u00e9s respiratoires des enfants, nous leur faisons r\u00e9aliser divers exercices : respiration profonde, expiration forc\u00e9e, toux.","og_url":"https:\/\/www.institut-myologie.org\/imotion\/spirometrie\/","og_site_name":"I-Motion","article_modified_time":"2021-08-25T13:58:37+00:00","twitter_card":"summary_large_image","twitter_misc":{"Dur\u00e9e de lecture estim\u00e9e":"1 minute"},"schema":{"@context":"https:\/\/schema.org","@graph":[{"@type":"WebPage","@id":"https:\/\/www.institut-myologie.org\/imotion\/spirometrie\/","url":"https:\/\/www.institut-myologie.org\/imotion\/spirometrie\/","name":"\u00c9valuation de la fonction respiratoire - I-Motion","isPartOf":{"@id":"https:\/\/www.institut-myologie.org\/imotion\/#website"},"datePublished":"2016-11-09T16:34:29+00:00","dateModified":"2021-08-25T13:58:37+00:00","description":"Pour conna\u00eetre les capacit\u00e9s respiratoires des enfants, nous leur faisons r\u00e9aliser divers exercices : respiration profonde, expiration forc\u00e9e, toux.","breadcrumb":{"@id":"https:\/\/www.institut-myologie.org\/imotion\/spirometrie\/#breadcrumb"},"inLanguage":"fr-FR","potentialAction":[{"@type":"ReadAction","target":["https:\/\/www.institut-myologie.org\/imotion\/spirometrie\/"]}]},{"@type":"BreadcrumbList","@id":"https:\/\/www.institut-myologie.org\/imotion\/spirometrie\/#breadcrumb","itemListElement":[{"@type":"ListItem","position":1,"name":"Home","item":"https:\/\/www.institut-myologie.org\/imotion\/"},{"@type":"ListItem","position":2,"name":"\u00c9valuation de la fonction respiratoire"}]},{"@type":"WebSite","@id":"https:\/\/www.institut-myologie.org\/imotion\/#website","url":"https:\/\/www.institut-myologie.org\/imotion\/","name":"I-Motion","description":"Plateforme d&#039;essais cliniques p\u00e9diatriques pour les maladies neuromusculaires","publisher":{"@id":"https:\/\/www.institut-myologie.org\/imotion\/#organization"},"potentialAction":[{"@type":"SearchAction","target":{"@type":"EntryPoint","urlTemplate":"https:\/\/www.institut-myologie.org\/imotion\/?s={search_term_string}"},"query-input":{"@type":"PropertyValueSpecification","valueRequired":true,"valueName":"search_term_string"}}],"inLanguage":"fr-FR"},{"@type":"Organization","@id":"https:\/\/www.institut-myologie.org\/imotion\/#organization","name":"Institut I-Motion","url":"https:\/\/www.institut-myologie.org\/imotion\/","logo":{"@type":"ImageObject","inLanguage":"fr-FR","@id":"https:\/\/www.institut-myologie.org\/imotion\/#\/schema\/logo\/image\/","url":"https:\/\/www.institut-myologie.org\/imotion\/wp-content\/uploads\/2016\/08\/logoImotion.png","contentUrl":"https:\/\/www.institut-myologie.org\/imotion\/wp-content\/uploads\/2016\/08\/logoImotion.png","width":150,"height":51,"caption":"Institut I-Motion"},"image":{"@id":"https:\/\/www.institut-myologie.org\/imotion\/#\/schema\/logo\/image\/"}}]}},"_links":{"self":[{"href":"https:\/\/www.institut-myologie.org\/imotion\/wp-json\/wp\/v2\/pages\/313","targetHints":{"allow":["GET"]}}],"collection":[{"href":"https:\/\/www.institut-myologie.org\/imotion\/wp-json\/wp\/v2\/pages"}],"about":[{"href":"https:\/\/www.institut-myologie.org\/imotion\/wp-json\/wp\/v2\/types\/page"}],"author":[{"embeddable":true,"href":"https:\/\/www.institut-myologie.org\/imotion\/wp-json\/wp\/v2\/users\/3"}],"replies":[{"embeddable":true,"href":"https:\/\/www.institut-myologie.org\/imotion\/wp-json\/wp\/v2\/comments?post=313"}],"version-history":[{"count":7,"href":"https:\/\/www.institut-myologie.org\/imotion\/wp-json\/wp\/v2\/pages\/313\/revisions"}],"predecessor-version":[{"id":2507,"href":"https:\/\/www.institut-myologie.org\/imotion\/wp-json\/wp\/v2\/pages\/313\/revisions\/2507"}],"wp:attachment":[{"href":"https:\/\/www.institut-myologie.org\/imotion\/wp-json\/wp\/v2\/media?parent=313"}],"curies":[{"name":"wp","href":"https:\/\/api.w.org\/{rel}","templated":true}]}}