{"id":311,"date":"2016-11-09T16:34:03","date_gmt":"2016-11-09T16:34:03","guid":{"rendered":"https:\/\/www.institut-myologie.org\/imotion\/?page_id=311"},"modified":"2021-08-25T15:25:14","modified_gmt":"2021-08-25T13:25:14","slug":"mfm","status":"publish","type":"page","link":"https:\/\/www.institut-myologie.org\/imotion\/mfm\/","title":{"rendered":"MFM"},"content":{"rendered":"<p>La Mesure de Fonction Motrice (MFM) est une \u00e9chelle quantitative globale cr\u00e9\u00e9e pour mesurer les capacit\u00e9s fonctionnelles motrices chez une personne atteinte d&rsquo;une maladie neuromusculaire.<\/p>\n<div class=\"entry__gallery packery row large-12\"><div class=\"col-4 entry__gallery__column\"><div class=\"entry__image column\"><div class=\"background-container\" style=\"background-image:url(https:\/\/www.institut-myologie.org\/imotion\/wp-content\/uploads\/2021\/08\/MFM3-I-Motion-2020.jpg)\"><\/div><\/div><\/div><div class=\"col-4 entry__gallery__column\"><div class=\"entry__image column\"><div class=\"background-container\" style=\"background-image:url(https:\/\/www.institut-myologie.org\/imotion\/wp-content\/uploads\/2021\/08\/AFMTLT_170705_Suivi_medical_Spinraza_Imotion_CH_028-683x1024-1.jpg)\"><\/div><\/div><\/div><div class=\"col-4 entry__gallery__column\"><div class=\"entry__image column\"><div class=\"background-container\" style=\"background-image:url(https:\/\/www.institut-myologie.org\/imotion\/wp-content\/uploads\/2021\/08\/MFM2-I-Motion-2020.jpg)\"><\/div><\/div><\/div><\/div>\n<p>Elle permet de classer les patients en grade de s\u00e9v\u00e9rit\u00e9 dans chacun des 3 domaines de fonction motrice (D1: position debout et transferts, D2: motricit\u00e9 axiale et proximale, D3: motricit\u00e9 distale).<\/p>\n<p>Elle contient 32 ou 20 items, chacun<span class=\"Apple-converted-space\">\u00a0 <\/span>not\u00e9 de 0 \u00e0 3.<span class=\"Apple-converted-space\">\u00a0 <\/span>Le score total et les sous-scores sont exprim\u00e9s en pourcentage du score maximum possible.<\/p>\n<p>&gt; En savoir plus sur la <a href=\"http:\/\/www.mfm-nmd.org\/accueil.aspx\" target=\"_blank\" rel=\"noopener noreferrer\">Mesure de Fonction Motrice<\/a><\/p>\n","protected":false},"excerpt":{"rendered":"<p>La Mesure de Fonction Motrice (MFM) est une \u00e9chelle quantitative globale cr\u00e9\u00e9e pour mesurer les capacit\u00e9s fonctionnelles motrices chez une personne atteinte d&rsquo;une maladie neuromusculaire. Elle permet de classer les patients en grade de s\u00e9v\u00e9rit\u00e9 dans chacun des 3 domaines de fonction motrice (D1: position debout et transferts, D2: motricit\u00e9 axiale et proximale, D3: motricit\u00e9 &hellip; <a href=\"https:\/\/www.institut-myologie.org\/imotion\/mfm\/\">Continued<\/a><\/p>\n","protected":false},"author":3,"featured_media":0,"parent":0,"menu_order":0,"comment_status":"closed","ping_status":"closed","template":"","meta":{"_acf_changed":false,"footnotes":""},"class_list":["post-311","page","type-page","status-publish","hentry"],"acf":[],"yoast_head":"<!-- This site is optimized with the Yoast SEO plugin v27.1.1 - https:\/\/yoast.com\/product\/yoast-seo-wordpress\/ -->\n<title>MFM - I-Motion<\/title>\n<meta name=\"description\" content=\"La Mesure de Fonction Motrice (MFM) est une \u00e9chelle quantitative globale cr\u00e9\u00e9e pour mesurer les capacit\u00e9s fonctionnelles motrices chez un patient.\" \/>\n<meta name=\"robots\" content=\"index, follow, max-snippet:-1, max-image-preview:large, max-video-preview:-1\" \/>\n<link rel=\"canonical\" href=\"https:\/\/www.institut-myologie.org\/imotion\/mfm\/\" \/>\n<meta property=\"og:locale\" content=\"fr_FR\" \/>\n<meta property=\"og:type\" content=\"article\" \/>\n<meta property=\"og:title\" content=\"MFM - I-Motion\" \/>\n<meta property=\"og:description\" content=\"La Mesure de Fonction Motrice (MFM) est une \u00e9chelle quantitative globale cr\u00e9\u00e9e pour mesurer les capacit\u00e9s fonctionnelles motrices chez un patient.\" \/>\n<meta property=\"og:url\" content=\"https:\/\/www.institut-myologie.org\/imotion\/mfm\/\" \/>\n<meta property=\"og:site_name\" content=\"I-Motion\" \/>\n<meta property=\"article:modified_time\" content=\"2021-08-25T13:25:14+00:00\" \/>\n<meta name=\"twitter:card\" content=\"summary_large_image\" \/>\n<meta name=\"twitter:label1\" content=\"Dur\u00e9e de lecture estim\u00e9e\" \/>\n\t<meta name=\"twitter:data1\" content=\"1 minute\" \/>\n<script type=\"application\/ld+json\" class=\"yoast-schema-graph\">{\"@context\":\"https:\/\/schema.org\",\"@graph\":[{\"@type\":\"WebPage\",\"@id\":\"https:\/\/www.institut-myologie.org\/imotion\/mfm\/\",\"url\":\"https:\/\/www.institut-myologie.org\/imotion\/mfm\/\",\"name\":\"MFM - I-Motion\",\"isPartOf\":{\"@id\":\"https:\/\/www.institut-myologie.org\/imotion\/#website\"},\"datePublished\":\"2016-11-09T16:34:03+00:00\",\"dateModified\":\"2021-08-25T13:25:14+00:00\",\"description\":\"La Mesure de Fonction Motrice (MFM) est une \u00e9chelle quantitative globale cr\u00e9\u00e9e pour mesurer les capacit\u00e9s fonctionnelles motrices chez un patient.\",\"breadcrumb\":{\"@id\":\"https:\/\/www.institut-myologie.org\/imotion\/mfm\/#breadcrumb\"},\"inLanguage\":\"fr-FR\",\"potentialAction\":[{\"@type\":\"ReadAction\",\"target\":[\"https:\/\/www.institut-myologie.org\/imotion\/mfm\/\"]}]},{\"@type\":\"BreadcrumbList\",\"@id\":\"https:\/\/www.institut-myologie.org\/imotion\/mfm\/#breadcrumb\",\"itemListElement\":[{\"@type\":\"ListItem\",\"position\":1,\"name\":\"Home\",\"item\":\"https:\/\/www.institut-myologie.org\/imotion\/\"},{\"@type\":\"ListItem\",\"position\":2,\"name\":\"MFM\"}]},{\"@type\":\"WebSite\",\"@id\":\"https:\/\/www.institut-myologie.org\/imotion\/#website\",\"url\":\"https:\/\/www.institut-myologie.org\/imotion\/\",\"name\":\"I-Motion\",\"description\":\"Plateforme d&#039;essais cliniques p\u00e9diatriques pour les maladies neuromusculaires\",\"publisher\":{\"@id\":\"https:\/\/www.institut-myologie.org\/imotion\/#organization\"},\"potentialAction\":[{\"@type\":\"SearchAction\",\"target\":{\"@type\":\"EntryPoint\",\"urlTemplate\":\"https:\/\/www.institut-myologie.org\/imotion\/?s={search_term_string}\"},\"query-input\":{\"@type\":\"PropertyValueSpecification\",\"valueRequired\":true,\"valueName\":\"search_term_string\"}}],\"inLanguage\":\"fr-FR\"},{\"@type\":\"Organization\",\"@id\":\"https:\/\/www.institut-myologie.org\/imotion\/#organization\",\"name\":\"Institut I-Motion\",\"url\":\"https:\/\/www.institut-myologie.org\/imotion\/\",\"logo\":{\"@type\":\"ImageObject\",\"inLanguage\":\"fr-FR\",\"@id\":\"https:\/\/www.institut-myologie.org\/imotion\/#\/schema\/logo\/image\/\",\"url\":\"https:\/\/www.institut-myologie.org\/imotion\/wp-content\/uploads\/2016\/08\/logoImotion.png\",\"contentUrl\":\"https:\/\/www.institut-myologie.org\/imotion\/wp-content\/uploads\/2016\/08\/logoImotion.png\",\"width\":150,\"height\":51,\"caption\":\"Institut I-Motion\"},\"image\":{\"@id\":\"https:\/\/www.institut-myologie.org\/imotion\/#\/schema\/logo\/image\/\"}}]}<\/script>\n<!-- \/ Yoast SEO plugin. -->","yoast_head_json":{"title":"MFM - I-Motion","description":"La Mesure de Fonction Motrice (MFM) est une \u00e9chelle quantitative globale cr\u00e9\u00e9e pour mesurer les capacit\u00e9s fonctionnelles motrices chez un patient.","robots":{"index":"index","follow":"follow","max-snippet":"max-snippet:-1","max-image-preview":"max-image-preview:large","max-video-preview":"max-video-preview:-1"},"canonical":"https:\/\/www.institut-myologie.org\/imotion\/mfm\/","og_locale":"fr_FR","og_type":"article","og_title":"MFM - I-Motion","og_description":"La Mesure de Fonction Motrice (MFM) est une \u00e9chelle quantitative globale cr\u00e9\u00e9e pour mesurer les capacit\u00e9s fonctionnelles motrices chez un patient.","og_url":"https:\/\/www.institut-myologie.org\/imotion\/mfm\/","og_site_name":"I-Motion","article_modified_time":"2021-08-25T13:25:14+00:00","twitter_card":"summary_large_image","twitter_misc":{"Dur\u00e9e de lecture estim\u00e9e":"1 minute"},"schema":{"@context":"https:\/\/schema.org","@graph":[{"@type":"WebPage","@id":"https:\/\/www.institut-myologie.org\/imotion\/mfm\/","url":"https:\/\/www.institut-myologie.org\/imotion\/mfm\/","name":"MFM - I-Motion","isPartOf":{"@id":"https:\/\/www.institut-myologie.org\/imotion\/#website"},"datePublished":"2016-11-09T16:34:03+00:00","dateModified":"2021-08-25T13:25:14+00:00","description":"La Mesure de Fonction Motrice (MFM) est une \u00e9chelle quantitative globale cr\u00e9\u00e9e pour mesurer les capacit\u00e9s fonctionnelles motrices chez un patient.","breadcrumb":{"@id":"https:\/\/www.institut-myologie.org\/imotion\/mfm\/#breadcrumb"},"inLanguage":"fr-FR","potentialAction":[{"@type":"ReadAction","target":["https:\/\/www.institut-myologie.org\/imotion\/mfm\/"]}]},{"@type":"BreadcrumbList","@id":"https:\/\/www.institut-myologie.org\/imotion\/mfm\/#breadcrumb","itemListElement":[{"@type":"ListItem","position":1,"name":"Home","item":"https:\/\/www.institut-myologie.org\/imotion\/"},{"@type":"ListItem","position":2,"name":"MFM"}]},{"@type":"WebSite","@id":"https:\/\/www.institut-myologie.org\/imotion\/#website","url":"https:\/\/www.institut-myologie.org\/imotion\/","name":"I-Motion","description":"Plateforme d&#039;essais cliniques p\u00e9diatriques pour les maladies neuromusculaires","publisher":{"@id":"https:\/\/www.institut-myologie.org\/imotion\/#organization"},"potentialAction":[{"@type":"SearchAction","target":{"@type":"EntryPoint","urlTemplate":"https:\/\/www.institut-myologie.org\/imotion\/?s={search_term_string}"},"query-input":{"@type":"PropertyValueSpecification","valueRequired":true,"valueName":"search_term_string"}}],"inLanguage":"fr-FR"},{"@type":"Organization","@id":"https:\/\/www.institut-myologie.org\/imotion\/#organization","name":"Institut I-Motion","url":"https:\/\/www.institut-myologie.org\/imotion\/","logo":{"@type":"ImageObject","inLanguage":"fr-FR","@id":"https:\/\/www.institut-myologie.org\/imotion\/#\/schema\/logo\/image\/","url":"https:\/\/www.institut-myologie.org\/imotion\/wp-content\/uploads\/2016\/08\/logoImotion.png","contentUrl":"https:\/\/www.institut-myologie.org\/imotion\/wp-content\/uploads\/2016\/08\/logoImotion.png","width":150,"height":51,"caption":"Institut I-Motion"},"image":{"@id":"https:\/\/www.institut-myologie.org\/imotion\/#\/schema\/logo\/image\/"}}]}},"_links":{"self":[{"href":"https:\/\/www.institut-myologie.org\/imotion\/wp-json\/wp\/v2\/pages\/311","targetHints":{"allow":["GET"]}}],"collection":[{"href":"https:\/\/www.institut-myologie.org\/imotion\/wp-json\/wp\/v2\/pages"}],"about":[{"href":"https:\/\/www.institut-myologie.org\/imotion\/wp-json\/wp\/v2\/types\/page"}],"author":[{"embeddable":true,"href":"https:\/\/www.institut-myologie.org\/imotion\/wp-json\/wp\/v2\/users\/3"}],"replies":[{"embeddable":true,"href":"https:\/\/www.institut-myologie.org\/imotion\/wp-json\/wp\/v2\/comments?post=311"}],"version-history":[{"count":8,"href":"https:\/\/www.institut-myologie.org\/imotion\/wp-json\/wp\/v2\/pages\/311\/revisions"}],"predecessor-version":[{"id":2472,"href":"https:\/\/www.institut-myologie.org\/imotion\/wp-json\/wp\/v2\/pages\/311\/revisions\/2472"}],"wp:attachment":[{"href":"https:\/\/www.institut-myologie.org\/imotion\/wp-json\/wp\/v2\/media?parent=311"}],"curies":[{"name":"wp","href":"https:\/\/api.w.org\/{rel}","templated":true}]}}

<p>La Mesure de Fonction Motrice (MFM) est une échelle quantitative globale créée pour mesurer les capacités fonctionnelles motrices chez une personne atteinte d&rsquo;une maladie neuromusculaire.</p>
<div class="entry__gallery packery row large-12"><div class="col-4 entry__gallery__column"><div class="entry__image column"><div class="background-container" style="background-image:url(https://www.institut-myologie.org/imotion/wp-content/uploads/2021/08/MFM3-I-Motion-2020.jpg)"></div></div></div><div class="col-4 entry__gallery__column"><div class="entry__image column"><div class="background-container" style="background-image:url(https://www.institut-myologie.org/imotion/wp-content/uploads/2021/08/AFMTLT_170705_Suivi_medical_Spinraza_Imotion_CH_028-683x1024-1.jpg)"></div></div></div><div class="col-4 entry__gallery__column"><div class="entry__image column"><div class="background-container" style="background-image:url(https://www.institut-myologie.org/imotion/wp-content/uploads/2021/08/MFM2-I-Motion-2020.jpg)"></div></div></div></div>
<p>Elle permet de classer les patients en grade de sévérité dans chacun des 3 domaines de fonction motrice (D1: position debout et transferts, D2: motricité axiale et proximale, D3: motricité distale).</p>
<p>Elle contient 32 ou 20 items, chacun<span class="Apple-converted-space">  </span>noté de 0 à 3.<span class="Apple-converted-space">  </span>Le score total et les sous-scores sont exprimés en pourcentage du score maximum possible.</p>
<p>&gt; En savoir plus sur la <a href="http://www.mfm-nmd.org/accueil.aspx" target="_blank" rel="noopener noreferrer">Mesure de Fonction Motrice</a></p>

<p>La Mesure de Fonction Motrice (MFM) est une échelle quantitative globale créée pour mesurer les capacités fonctionnelles motrices chez une personne atteinte d&rsquo;une maladie neuromusculaire. Elle permet de classer les patients en grade de sévérité dans chacun des 3 domaines de fonction motrice (D1: position debout et transferts, D2: motricité axiale et proximale, D3: motricité &hellip; <a href="https://www.institut-myologie.org/imotion/mfm/">Continued</a></p>

<!-- This site is optimized with the Yoast SEO plugin v27.1.1 - https://yoast.com/product/yoast-seo-wordpress/ -->
<title>MFM - I-Motion</title>
<meta name="description" content="La Mesure de Fonction Motrice (MFM) est une échelle quantitative globale créée pour mesurer les capacités fonctionnelles motrices chez un patient." />
<meta name="robots" content="index, follow, max-snippet:-1, max-image-preview:large, max-video-preview:-1" />
<link rel="canonical" href="https://www.institut-myologie.org/imotion/mfm/" />
<meta property="og:locale" content="fr_FR" />
<meta property="og:type" content="article" />
<meta property="og:title" content="MFM - I-Motion" />
<meta property="og:description" content="La Mesure de Fonction Motrice (MFM) est une échelle quantitative globale créée pour mesurer les capacités fonctionnelles motrices chez un patient." />
<meta property="og:url" content="https://www.institut-myologie.org/imotion/mfm/" />
<meta property="og:site_name" content="I-Motion" />
<meta property="article:modified_time" content="2021-08-25T13:25:14+00:00" />
<meta name="twitter:card" content="summary_large_image" />
<meta name="twitter:label1" content="Durée de lecture estimée" />
	<meta name="twitter:data1" content="1 minute" />
<script type="application/ld+json" class="yoast-schema-graph">{"@context":"https://schema.org","@graph":[{"@type":"WebPage","@id":"https://www.institut-myologie.org/imotion/mfm/","url":"https://www.institut-myologie.org/imotion/mfm/","name":"MFM - I-Motion","isPartOf":{"@id":"https://www.institut-myologie.org/imotion/#website"},"datePublished":"2016-11-09T16:34:03+00:00","dateModified":"2021-08-25T13:25:14+00:00","description":"La Mesure de Fonction Motrice (MFM) est une échelle quantitative globale créée pour mesurer les capacités fonctionnelles motrices chez un patient.","breadcrumb":{"@id":"https://www.institut-myologie.org/imotion/mfm/#breadcrumb"},"inLanguage":"fr-FR","potentialAction":[{"@type":"ReadAction","target":["https://www.institut-myologie.org/imotion/mfm/"]}]},{"@type":"BreadcrumbList","@id":"https://www.institut-myologie.org/imotion/mfm/#breadcrumb","itemListElement":[{"@type":"ListItem","position":1,"name":"Home","item":"https://www.institut-myologie.org/imotion/"},{"@type":"ListItem","position":2,"name":"MFM"}]},{"@type":"WebSite","@id":"https://www.institut-myologie.org/imotion/#website","url":"https://www.institut-myologie.org/imotion/","name":"I-Motion","description":"Plateforme d&#039;essais cliniques pédiatriques pour les maladies neuromusculaires","publisher":{"@id":"https://www.institut-myologie.org/imotion/#organization"},"potentialAction":[{"@type":"SearchAction","target":{"@type":"EntryPoint","urlTemplate":"https://www.institut-myologie.org/imotion/?s={search_term_string}"},"query-input":{"@type":"PropertyValueSpecification","valueRequired":true,"valueName":"search_term_string"}}],"inLanguage":"fr-FR"},{"@type":"Organization","@id":"https://www.institut-myologie.org/imotion/#organization","name":"Institut I-Motion","url":"https://www.institut-myologie.org/imotion/","logo":{"@type":"ImageObject","inLanguage":"fr-FR","@id":"https://www.institut-myologie.org/imotion/#/schema/logo/image/","url":"https://www.institut-myologie.org/imotion/wp-content/uploads/2016/08/logoImotion.png","contentUrl":"https://www.institut-myologie.org/imotion/wp-content/uploads/2016/08/logoImotion.png","width":150,"height":51,"caption":"Institut I-Motion"},"image":{"@id":"https://www.institut-myologie.org/imotion/#/schema/logo/image/"}}]}</script>
<!-- / Yoast SEO plugin. -->

La Mesure de Fonction Motrice (MFM) est une échelle quantitative globale créée pour mesurer les capacités fonctionnelles motrices chez un patient.

Plateforme d&#039;essais cliniques pédiatriques pour les maladies neuromusculaires
