{"id":295,"date":"2016-11-09T14:04:49","date_gmt":"2016-11-09T14:04:49","guid":{"rendered":"https:\/\/www.institut-myologie.org\/imotion\/?page_id=295"},"modified":"2021-12-15T16:44:11","modified_gmt":"2021-12-15T14:44:11","slug":"myoset","status":"publish","type":"page","link":"https:\/\/www.institut-myologie.org\/imotion\/myoset\/","title":{"rendered":"MyoTools"},"content":{"rendered":"<p>Compos\u00e9 de trois outils diff\u00e9rents, myogrip, myopinch et moviplate, le myoset permet d\u2019\u00e9valuer de mani\u00e8re tr\u00e8s pr\u00e9cise la fonction motrice du membre sup\u00e9rieur et la force d\u00e9velopp\u00e9e par le patient.<\/p>\n<div class=\"entry__gallery packery row large-12\"><div class=\"col-4 entry__gallery__column\"><div class=\"entry__image column\"><div class=\"background-container\" style=\"background-image:url(https:\/\/www.institut-myologie.org\/imotion\/wp-content\/uploads\/2021\/08\/MyoTools-I-Motion-2020-2.jpg)\"><\/div><\/div><\/div><div class=\"col-4 entry__gallery__column\"><div class=\"entry__image column\"><div class=\"background-container\" style=\"background-image:url(https:\/\/www.institut-myologie.org\/imotion\/wp-content\/uploads\/2021\/08\/MyoTools-I-Motion-2021-3.jpg)\"><\/div><\/div><\/div><div class=\"col-4 entry__gallery__column\"><div class=\"entry__image column\"><div class=\"background-container\" style=\"background-image:url(https:\/\/www.institut-myologie.org\/imotion\/wp-content\/uploads\/2021\/08\/MyoTools-I-Motion-2021-1.jpg)\"><\/div><\/div><\/div><\/div>\n<ul>\n<li>Myogrip \u00e9value la force de serrage des doigts.<\/li>\n<li>Myopinch \u00e9value la pince pouce-index.<\/li>\n<li>\u2028Moviplate \u00e9value la fatigabilit\u00e9 des muscles extenseurs et fl\u00e9chisseurs du poignet et des doigts.\u2028 Sa tr\u00e8s grande sensibilit\u00e9 est parfaite pour \u00e9valuer des patients aux tr\u00e8s faibles capacit\u00e9s musculaires.<\/li>\n<\/ul>\n","protected":false},"excerpt":{"rendered":"<p>Compos\u00e9 de trois outils diff\u00e9rents, myogrip, myopinch et moviplate, le myoset permet d\u2019\u00e9valuer de mani\u00e8re tr\u00e8s pr\u00e9cise la fonction motrice du membre sup\u00e9rieur et la force d\u00e9velopp\u00e9e par le patient. Myogrip \u00e9value la force de serrage des doigts. Myopinch \u00e9value la pince pouce-index. \u2028Moviplate \u00e9value la fatigabilit\u00e9 des muscles extenseurs et fl\u00e9chisseurs du poignet et &hellip; <a href=\"https:\/\/www.institut-myologie.org\/imotion\/myoset\/\">Continued<\/a><\/p>\n","protected":false},"author":3,"featured_media":0,"parent":0,"menu_order":0,"comment_status":"closed","ping_status":"closed","template":"","meta":{"_acf_changed":false,"footnotes":""},"class_list":["post-295","page","type-page","status-publish","hentry"],"acf":[],"yoast_head":"<!-- This site is optimized with the Yoast SEO plugin v27.1.1 - https:\/\/yoast.com\/product\/yoast-seo-wordpress\/ -->\n<title>MyoTools - I-Motion<\/title>\n<meta name=\"description\" content=\"Myogrip, myopinch et moviplate composent le myoset qui permet l&#039;\u00e9valuation tr\u00e8s pr\u00e9cise de la fonction motrice du membre sup\u00e9rieur et de la force d\u00e9velopp\u00e9e par le patient.\" \/>\n<meta name=\"robots\" content=\"index, follow, max-snippet:-1, max-image-preview:large, max-video-preview:-1\" \/>\n<link rel=\"canonical\" href=\"https:\/\/www.institut-myologie.org\/imotion\/myoset\/\" \/>\n<meta property=\"og:locale\" content=\"fr_FR\" \/>\n<meta property=\"og:type\" content=\"article\" \/>\n<meta property=\"og:title\" content=\"MyoTools - I-Motion\" \/>\n<meta property=\"og:description\" content=\"Myogrip, myopinch et moviplate composent le myoset qui permet l&#039;\u00e9valuation tr\u00e8s pr\u00e9cise de la fonction motrice du membre sup\u00e9rieur et de la force d\u00e9velopp\u00e9e par le patient.\" \/>\n<meta property=\"og:url\" content=\"https:\/\/www.institut-myologie.org\/imotion\/myoset\/\" \/>\n<meta property=\"og:site_name\" content=\"I-Motion\" \/>\n<meta property=\"article:modified_time\" content=\"2021-12-15T14:44:11+00:00\" \/>\n<meta name=\"twitter:card\" content=\"summary_large_image\" \/>\n<meta name=\"twitter:label1\" content=\"Dur\u00e9e de lecture estim\u00e9e\" \/>\n\t<meta name=\"twitter:data1\" content=\"1 minute\" \/>\n<script type=\"application\/ld+json\" class=\"yoast-schema-graph\">{\"@context\":\"https:\/\/schema.org\",\"@graph\":[{\"@type\":\"WebPage\",\"@id\":\"https:\/\/www.institut-myologie.org\/imotion\/myoset\/\",\"url\":\"https:\/\/www.institut-myologie.org\/imotion\/myoset\/\",\"name\":\"MyoTools - I-Motion\",\"isPartOf\":{\"@id\":\"https:\/\/www.institut-myologie.org\/imotion\/#website\"},\"datePublished\":\"2016-11-09T14:04:49+00:00\",\"dateModified\":\"2021-12-15T14:44:11+00:00\",\"description\":\"Myogrip, myopinch et moviplate composent le myoset qui permet l'\u00e9valuation tr\u00e8s pr\u00e9cise de la fonction motrice du membre sup\u00e9rieur et de la force d\u00e9velopp\u00e9e par le patient.\",\"breadcrumb\":{\"@id\":\"https:\/\/www.institut-myologie.org\/imotion\/myoset\/#breadcrumb\"},\"inLanguage\":\"fr-FR\",\"potentialAction\":[{\"@type\":\"ReadAction\",\"target\":[\"https:\/\/www.institut-myologie.org\/imotion\/myoset\/\"]}]},{\"@type\":\"BreadcrumbList\",\"@id\":\"https:\/\/www.institut-myologie.org\/imotion\/myoset\/#breadcrumb\",\"itemListElement\":[{\"@type\":\"ListItem\",\"position\":1,\"name\":\"Home\",\"item\":\"https:\/\/www.institut-myologie.org\/imotion\/\"},{\"@type\":\"ListItem\",\"position\":2,\"name\":\"MyoTools\"}]},{\"@type\":\"WebSite\",\"@id\":\"https:\/\/www.institut-myologie.org\/imotion\/#website\",\"url\":\"https:\/\/www.institut-myologie.org\/imotion\/\",\"name\":\"I-Motion\",\"description\":\"Plateforme d&#039;essais cliniques p\u00e9diatriques pour les maladies neuromusculaires\",\"publisher\":{\"@id\":\"https:\/\/www.institut-myologie.org\/imotion\/#organization\"},\"potentialAction\":[{\"@type\":\"SearchAction\",\"target\":{\"@type\":\"EntryPoint\",\"urlTemplate\":\"https:\/\/www.institut-myologie.org\/imotion\/?s={search_term_string}\"},\"query-input\":{\"@type\":\"PropertyValueSpecification\",\"valueRequired\":true,\"valueName\":\"search_term_string\"}}],\"inLanguage\":\"fr-FR\"},{\"@type\":\"Organization\",\"@id\":\"https:\/\/www.institut-myologie.org\/imotion\/#organization\",\"name\":\"Institut I-Motion\",\"url\":\"https:\/\/www.institut-myologie.org\/imotion\/\",\"logo\":{\"@type\":\"ImageObject\",\"inLanguage\":\"fr-FR\",\"@id\":\"https:\/\/www.institut-myologie.org\/imotion\/#\/schema\/logo\/image\/\",\"url\":\"https:\/\/www.institut-myologie.org\/imotion\/wp-content\/uploads\/2016\/08\/logoImotion.png\",\"contentUrl\":\"https:\/\/www.institut-myologie.org\/imotion\/wp-content\/uploads\/2016\/08\/logoImotion.png\",\"width\":150,\"height\":51,\"caption\":\"Institut I-Motion\"},\"image\":{\"@id\":\"https:\/\/www.institut-myologie.org\/imotion\/#\/schema\/logo\/image\/\"}}]}<\/script>\n<!-- \/ Yoast SEO plugin. -->","yoast_head_json":{"title":"MyoTools - I-Motion","description":"Myogrip, myopinch et moviplate composent le myoset qui permet l'\u00e9valuation tr\u00e8s pr\u00e9cise de la fonction motrice du membre sup\u00e9rieur et de la force d\u00e9velopp\u00e9e par le patient.","robots":{"index":"index","follow":"follow","max-snippet":"max-snippet:-1","max-image-preview":"max-image-preview:large","max-video-preview":"max-video-preview:-1"},"canonical":"https:\/\/www.institut-myologie.org\/imotion\/myoset\/","og_locale":"fr_FR","og_type":"article","og_title":"MyoTools - I-Motion","og_description":"Myogrip, myopinch et moviplate composent le myoset qui permet l'\u00e9valuation tr\u00e8s pr\u00e9cise de la fonction motrice du membre sup\u00e9rieur et de la force d\u00e9velopp\u00e9e par le patient.","og_url":"https:\/\/www.institut-myologie.org\/imotion\/myoset\/","og_site_name":"I-Motion","article_modified_time":"2021-12-15T14:44:11+00:00","twitter_card":"summary_large_image","twitter_misc":{"Dur\u00e9e de lecture estim\u00e9e":"1 minute"},"schema":{"@context":"https:\/\/schema.org","@graph":[{"@type":"WebPage","@id":"https:\/\/www.institut-myologie.org\/imotion\/myoset\/","url":"https:\/\/www.institut-myologie.org\/imotion\/myoset\/","name":"MyoTools - I-Motion","isPartOf":{"@id":"https:\/\/www.institut-myologie.org\/imotion\/#website"},"datePublished":"2016-11-09T14:04:49+00:00","dateModified":"2021-12-15T14:44:11+00:00","description":"Myogrip, myopinch et moviplate composent le myoset qui permet l'\u00e9valuation tr\u00e8s pr\u00e9cise de la fonction motrice du membre sup\u00e9rieur et de la force d\u00e9velopp\u00e9e par le patient.","breadcrumb":{"@id":"https:\/\/www.institut-myologie.org\/imotion\/myoset\/#breadcrumb"},"inLanguage":"fr-FR","potentialAction":[{"@type":"ReadAction","target":["https:\/\/www.institut-myologie.org\/imotion\/myoset\/"]}]},{"@type":"BreadcrumbList","@id":"https:\/\/www.institut-myologie.org\/imotion\/myoset\/#breadcrumb","itemListElement":[{"@type":"ListItem","position":1,"name":"Home","item":"https:\/\/www.institut-myologie.org\/imotion\/"},{"@type":"ListItem","position":2,"name":"MyoTools"}]},{"@type":"WebSite","@id":"https:\/\/www.institut-myologie.org\/imotion\/#website","url":"https:\/\/www.institut-myologie.org\/imotion\/","name":"I-Motion","description":"Plateforme d&#039;essais cliniques p\u00e9diatriques pour les maladies neuromusculaires","publisher":{"@id":"https:\/\/www.institut-myologie.org\/imotion\/#organization"},"potentialAction":[{"@type":"SearchAction","target":{"@type":"EntryPoint","urlTemplate":"https:\/\/www.institut-myologie.org\/imotion\/?s={search_term_string}"},"query-input":{"@type":"PropertyValueSpecification","valueRequired":true,"valueName":"search_term_string"}}],"inLanguage":"fr-FR"},{"@type":"Organization","@id":"https:\/\/www.institut-myologie.org\/imotion\/#organization","name":"Institut I-Motion","url":"https:\/\/www.institut-myologie.org\/imotion\/","logo":{"@type":"ImageObject","inLanguage":"fr-FR","@id":"https:\/\/www.institut-myologie.org\/imotion\/#\/schema\/logo\/image\/","url":"https:\/\/www.institut-myologie.org\/imotion\/wp-content\/uploads\/2016\/08\/logoImotion.png","contentUrl":"https:\/\/www.institut-myologie.org\/imotion\/wp-content\/uploads\/2016\/08\/logoImotion.png","width":150,"height":51,"caption":"Institut I-Motion"},"image":{"@id":"https:\/\/www.institut-myologie.org\/imotion\/#\/schema\/logo\/image\/"}}]}},"_links":{"self":[{"href":"https:\/\/www.institut-myologie.org\/imotion\/wp-json\/wp\/v2\/pages\/295","targetHints":{"allow":["GET"]}}],"collection":[{"href":"https:\/\/www.institut-myologie.org\/imotion\/wp-json\/wp\/v2\/pages"}],"about":[{"href":"https:\/\/www.institut-myologie.org\/imotion\/wp-json\/wp\/v2\/types\/page"}],"author":[{"embeddable":true,"href":"https:\/\/www.institut-myologie.org\/imotion\/wp-json\/wp\/v2\/users\/3"}],"replies":[{"embeddable":true,"href":"https:\/\/www.institut-myologie.org\/imotion\/wp-json\/wp\/v2\/comments?post=295"}],"version-history":[{"count":6,"href":"https:\/\/www.institut-myologie.org\/imotion\/wp-json\/wp\/v2\/pages\/295\/revisions"}],"predecessor-version":[{"id":2504,"href":"https:\/\/www.institut-myologie.org\/imotion\/wp-json\/wp\/v2\/pages\/295\/revisions\/2504"}],"wp:attachment":[{"href":"https:\/\/www.institut-myologie.org\/imotion\/wp-json\/wp\/v2\/media?parent=295"}],"curies":[{"name":"wp","href":"https:\/\/api.w.org\/{rel}","templated":true}]}}