{"id":23,"date":"2016-08-31T01:45:15","date_gmt":"2016-08-31T01:45:15","guid":{"rendered":"https:\/\/www.institut-myologie.org\/imotion\/?page_id=23"},"modified":"2021-12-14T16:44:00","modified_gmt":"2021-12-14T14:44:00","slug":"i-motion-en-chiffres","status":"publish","type":"page","link":"https:\/\/www.institut-myologie.org\/imotion\/i-motion-en-chiffres\/","title":{"rendered":"I-Motion en chiffres"},"content":{"rendered":"<div class=\"entry__gallery packery row large-12\"><div class=\"col-4 entry__gallery__column\"><div class=\"entry__image column\"><div class=\"background-container\" style=\"background-image:url(https:\/\/www.institut-myologie.org\/imotion\/wp-content\/uploads\/2021\/12\/AFMTLT_200701_AIM_IMOTION_ENFANTS_Portraits_TL_040-modif.png)\"><\/div><\/div><\/div><div class=\"col-4 entry__gallery__column\"><div class=\"entry__image column\"><div class=\"background-container\" style=\"background-image:url(https:\/\/www.institut-myologie.org\/imotion\/wp-content\/uploads\/2021\/12\/AFMTLT_200701_AIM_IMOTION_ENFANTS_Couloir_TL_007-modif.png)\"><\/div><\/div><\/div><div class=\"col-4 entry__gallery__column\"><div class=\"entry__image column\"><div class=\"background-container\" style=\"background-image:url(https:\/\/www.institut-myologie.org\/imotion\/wp-content\/uploads\/2021\/12\/AFMTLT_200701_AIM_IMOTION_ENFANTS_Portraits_TL_034-modif.png)\"><\/div><\/div><\/div><\/div>\n<p>Les intervenants sur place :<\/p>\n<ul>\n<li>21 salari\u00e9s<\/li>\n<li>5 infirmiers et techniciens de laboratoire<\/li>\n<li>8 langues parl\u00e9es<\/li>\n<li>Une cinquantaine d\u2019animaux repr\u00e9sent\u00e9s sur les murs<\/li>\n<\/ul>\n<p>Les patients :<\/p>\n<ul>\n<li>Des patients venant\u00a0d\u2019une dizaine de pays<\/li>\n<li>Une dizaine de pathologies \u00e9tudi\u00e9es<\/li>\n<li>120 patients inclus dans une vingtaine d&rsquo;essais cliniques<\/li>\n<\/ul>\n<p>Les locaux et leur usage :<\/p>\n<ul>\n<li>717 m\u00b2 de locaux dont la r\u00e9novation a \u00e9t\u00e9 effectu\u00e9e d\u00e9but 2015 :\n<ul>\n<li>337 m\u00b2 d\u00e9di\u00e9s aux activit\u00e9s de recherche<\/li>\n<li>180 m\u00b2 d\u00e9di\u00e9s aux activit\u00e9s de la consultation p\u00e9diatrique de myologie<\/li>\n<li>200 m\u00b2 de locaux partag\u00e9s pour moiti\u00e9 entre les activit\u00e9s de recherche et les activit\u00e9s cliniques<\/li>\n<li>4 salles de consultations<\/li>\n<li>1 couloir de marche avec graduation au centim\u00e8tre pour effectuer les tests de marche<\/li>\n<li>2 salles d\u2019\u00e9valuation destin\u00e9es aux kin\u00e9sith\u00e9rapeutes<\/li>\n<li>2 chambres pour l\u2019hospitalisation de jour des patients<\/li>\n<li>2 laboratoires pour stocker les \u00e9chantillons pr\u00e9lev\u00e9s et effectuer des analyses<\/li>\n<\/ul>\n<\/li>\n<\/ul>\n","protected":false},"excerpt":{"rendered":"<p>Les intervenants sur place : 21 salari\u00e9s 5 infirmiers et techniciens de laboratoire 8 langues parl\u00e9es Une cinquantaine d\u2019animaux repr\u00e9sent\u00e9s sur les murs Les patients : Des patients venant\u00a0d\u2019une dizaine de pays Une dizaine de pathologies \u00e9tudi\u00e9es 120 patients inclus dans une vingtaine d&rsquo;essais cliniques Les locaux et leur usage : 717 m\u00b2 de locaux &hellip; <a href=\"https:\/\/www.institut-myologie.org\/imotion\/i-motion-en-chiffres\/\">Continued<\/a><\/p>\n","protected":false},"author":1,"featured_media":0,"parent":0,"menu_order":0,"comment_status":"closed","ping_status":"closed","template":"","meta":{"_acf_changed":false,"footnotes":""},"class_list":["post-23","page","type-page","status-publish","hentry"],"acf":[],"yoast_head":"<!-- This site is optimized with the Yoast SEO plugin v27.1.1 - https:\/\/yoast.com\/product\/yoast-seo-wordpress\/ -->\n<title>I-Motion en chiffres - I-Motion<\/title>\n<meta name=\"description\" content=\"28 professionnels interviennent \u00e0 I-Motion et s&#039;occupent des enfants et de leur famille dans 717 m2 de locaux hautement sp\u00e9cialis\u00e9s, chaleureux et color\u00e9s.\" \/>\n<meta name=\"robots\" content=\"index, follow, max-snippet:-1, max-image-preview:large, max-video-preview:-1\" \/>\n<link rel=\"canonical\" href=\"https:\/\/www.institut-myologie.org\/imotion\/i-motion-en-chiffres\/\" \/>\n<meta property=\"og:locale\" content=\"fr_FR\" \/>\n<meta property=\"og:type\" content=\"article\" \/>\n<meta property=\"og:title\" content=\"I-Motion en chiffres - I-Motion\" \/>\n<meta property=\"og:description\" content=\"28 professionnels interviennent \u00e0 I-Motion et s&#039;occupent des enfants et de leur famille dans 717 m2 de locaux hautement sp\u00e9cialis\u00e9s, chaleureux et color\u00e9s.\" \/>\n<meta property=\"og:url\" content=\"https:\/\/www.institut-myologie.org\/imotion\/i-motion-en-chiffres\/\" \/>\n<meta property=\"og:site_name\" content=\"I-Motion\" \/>\n<meta property=\"article:modified_time\" content=\"2021-12-14T14:44:00+00:00\" \/>\n<meta name=\"twitter:card\" content=\"summary_large_image\" \/>\n<meta name=\"twitter:label1\" content=\"Dur\u00e9e de lecture estim\u00e9e\" \/>\n\t<meta name=\"twitter:data1\" content=\"1 minute\" \/>\n<script type=\"application\/ld+json\" class=\"yoast-schema-graph\">{\"@context\":\"https:\/\/schema.org\",\"@graph\":[{\"@type\":\"WebPage\",\"@id\":\"https:\/\/www.institut-myologie.org\/imotion\/i-motion-en-chiffres\/\",\"url\":\"https:\/\/www.institut-myologie.org\/imotion\/i-motion-en-chiffres\/\",\"name\":\"I-Motion en chiffres - I-Motion\",\"isPartOf\":{\"@id\":\"https:\/\/www.institut-myologie.org\/imotion\/#website\"},\"datePublished\":\"2016-08-31T01:45:15+00:00\",\"dateModified\":\"2021-12-14T14:44:00+00:00\",\"description\":\"28 professionnels interviennent \u00e0 I-Motion et s'occupent des enfants et de leur famille dans 717 m2 de locaux hautement sp\u00e9cialis\u00e9s, chaleureux et color\u00e9s.\",\"breadcrumb\":{\"@id\":\"https:\/\/www.institut-myologie.org\/imotion\/i-motion-en-chiffres\/#breadcrumb\"},\"inLanguage\":\"fr-FR\",\"potentialAction\":[{\"@type\":\"ReadAction\",\"target\":[\"https:\/\/www.institut-myologie.org\/imotion\/i-motion-en-chiffres\/\"]}]},{\"@type\":\"BreadcrumbList\",\"@id\":\"https:\/\/www.institut-myologie.org\/imotion\/i-motion-en-chiffres\/#breadcrumb\",\"itemListElement\":[{\"@type\":\"ListItem\",\"position\":1,\"name\":\"Home\",\"item\":\"https:\/\/www.institut-myologie.org\/imotion\/\"},{\"@type\":\"ListItem\",\"position\":2,\"name\":\"I-Motion en chiffres\"}]},{\"@type\":\"WebSite\",\"@id\":\"https:\/\/www.institut-myologie.org\/imotion\/#website\",\"url\":\"https:\/\/www.institut-myologie.org\/imotion\/\",\"name\":\"I-Motion\",\"description\":\"Plateforme d&#039;essais cliniques p\u00e9diatriques pour les maladies neuromusculaires\",\"publisher\":{\"@id\":\"https:\/\/www.institut-myologie.org\/imotion\/#organization\"},\"potentialAction\":[{\"@type\":\"SearchAction\",\"target\":{\"@type\":\"EntryPoint\",\"urlTemplate\":\"https:\/\/www.institut-myologie.org\/imotion\/?s={search_term_string}\"},\"query-input\":{\"@type\":\"PropertyValueSpecification\",\"valueRequired\":true,\"valueName\":\"search_term_string\"}}],\"inLanguage\":\"fr-FR\"},{\"@type\":\"Organization\",\"@id\":\"https:\/\/www.institut-myologie.org\/imotion\/#organization\",\"name\":\"Institut I-Motion\",\"url\":\"https:\/\/www.institut-myologie.org\/imotion\/\",\"logo\":{\"@type\":\"ImageObject\",\"inLanguage\":\"fr-FR\",\"@id\":\"https:\/\/www.institut-myologie.org\/imotion\/#\/schema\/logo\/image\/\",\"url\":\"https:\/\/www.institut-myologie.org\/imotion\/wp-content\/uploads\/2016\/08\/logoImotion.png\",\"contentUrl\":\"https:\/\/www.institut-myologie.org\/imotion\/wp-content\/uploads\/2016\/08\/logoImotion.png\",\"width\":150,\"height\":51,\"caption\":\"Institut I-Motion\"},\"image\":{\"@id\":\"https:\/\/www.institut-myologie.org\/imotion\/#\/schema\/logo\/image\/\"}}]}<\/script>\n<!-- \/ Yoast SEO plugin. -->","yoast_head_json":{"title":"I-Motion en chiffres - I-Motion","description":"28 professionnels interviennent \u00e0 I-Motion et s'occupent des enfants et de leur famille dans 717 m2 de locaux hautement sp\u00e9cialis\u00e9s, chaleureux et color\u00e9s.","robots":{"index":"index","follow":"follow","max-snippet":"max-snippet:-1","max-image-preview":"max-image-preview:large","max-video-preview":"max-video-preview:-1"},"canonical":"https:\/\/www.institut-myologie.org\/imotion\/i-motion-en-chiffres\/","og_locale":"fr_FR","og_type":"article","og_title":"I-Motion en chiffres - I-Motion","og_description":"28 professionnels interviennent \u00e0 I-Motion et s'occupent des enfants et de leur famille dans 717 m2 de locaux hautement sp\u00e9cialis\u00e9s, chaleureux et color\u00e9s.","og_url":"https:\/\/www.institut-myologie.org\/imotion\/i-motion-en-chiffres\/","og_site_name":"I-Motion","article_modified_time":"2021-12-14T14:44:00+00:00","twitter_card":"summary_large_image","twitter_misc":{"Dur\u00e9e de lecture estim\u00e9e":"1 minute"},"schema":{"@context":"https:\/\/schema.org","@graph":[{"@type":"WebPage","@id":"https:\/\/www.institut-myologie.org\/imotion\/i-motion-en-chiffres\/","url":"https:\/\/www.institut-myologie.org\/imotion\/i-motion-en-chiffres\/","name":"I-Motion en chiffres - I-Motion","isPartOf":{"@id":"https:\/\/www.institut-myologie.org\/imotion\/#website"},"datePublished":"2016-08-31T01:45:15+00:00","dateModified":"2021-12-14T14:44:00+00:00","description":"28 professionnels interviennent \u00e0 I-Motion et s'occupent des enfants et de leur famille dans 717 m2 de locaux hautement sp\u00e9cialis\u00e9s, chaleureux et color\u00e9s.","breadcrumb":{"@id":"https:\/\/www.institut-myologie.org\/imotion\/i-motion-en-chiffres\/#breadcrumb"},"inLanguage":"fr-FR","potentialAction":[{"@type":"ReadAction","target":["https:\/\/www.institut-myologie.org\/imotion\/i-motion-en-chiffres\/"]}]},{"@type":"BreadcrumbList","@id":"https:\/\/www.institut-myologie.org\/imotion\/i-motion-en-chiffres\/#breadcrumb","itemListElement":[{"@type":"ListItem","position":1,"name":"Home","item":"https:\/\/www.institut-myologie.org\/imotion\/"},{"@type":"ListItem","position":2,"name":"I-Motion en chiffres"}]},{"@type":"WebSite","@id":"https:\/\/www.institut-myologie.org\/imotion\/#website","url":"https:\/\/www.institut-myologie.org\/imotion\/","name":"I-Motion","description":"Plateforme d&#039;essais cliniques p\u00e9diatriques pour les maladies neuromusculaires","publisher":{"@id":"https:\/\/www.institut-myologie.org\/imotion\/#organization"},"potentialAction":[{"@type":"SearchAction","target":{"@type":"EntryPoint","urlTemplate":"https:\/\/www.institut-myologie.org\/imotion\/?s={search_term_string}"},"query-input":{"@type":"PropertyValueSpecification","valueRequired":true,"valueName":"search_term_string"}}],"inLanguage":"fr-FR"},{"@type":"Organization","@id":"https:\/\/www.institut-myologie.org\/imotion\/#organization","name":"Institut I-Motion","url":"https:\/\/www.institut-myologie.org\/imotion\/","logo":{"@type":"ImageObject","inLanguage":"fr-FR","@id":"https:\/\/www.institut-myologie.org\/imotion\/#\/schema\/logo\/image\/","url":"https:\/\/www.institut-myologie.org\/imotion\/wp-content\/uploads\/2016\/08\/logoImotion.png","contentUrl":"https:\/\/www.institut-myologie.org\/imotion\/wp-content\/uploads\/2016\/08\/logoImotion.png","width":150,"height":51,"caption":"Institut I-Motion"},"image":{"@id":"https:\/\/www.institut-myologie.org\/imotion\/#\/schema\/logo\/image\/"}}]}},"_links":{"self":[{"href":"https:\/\/www.institut-myologie.org\/imotion\/wp-json\/wp\/v2\/pages\/23","targetHints":{"allow":["GET"]}}],"collection":[{"href":"https:\/\/www.institut-myologie.org\/imotion\/wp-json\/wp\/v2\/pages"}],"about":[{"href":"https:\/\/www.institut-myologie.org\/imotion\/wp-json\/wp\/v2\/types\/page"}],"author":[{"embeddable":true,"href":"https:\/\/www.institut-myologie.org\/imotion\/wp-json\/wp\/v2\/users\/1"}],"replies":[{"embeddable":true,"href":"https:\/\/www.institut-myologie.org\/imotion\/wp-json\/wp\/v2\/comments?post=23"}],"version-history":[{"count":26,"href":"https:\/\/www.institut-myologie.org\/imotion\/wp-json\/wp\/v2\/pages\/23\/revisions"}],"predecessor-version":[{"id":2616,"href":"https:\/\/www.institut-myologie.org\/imotion\/wp-json\/wp\/v2\/pages\/23\/revisions\/2616"}],"wp:attachment":[{"href":"https:\/\/www.institut-myologie.org\/imotion\/wp-json\/wp\/v2\/media?parent=23"}],"curies":[{"name":"wp","href":"https:\/\/api.w.org\/{rel}","templated":true}]}}