{"id":164,"date":"2016-11-03T09:54:02","date_gmt":"2016-11-03T09:54:02","guid":{"rendered":"https:\/\/www.institut-myologie.org\/imotion\/?page_id=164"},"modified":"2021-08-25T15:21:38","modified_gmt":"2021-08-25T13:21:38","slug":"outils","status":"publish","type":"page","link":"https:\/\/www.institut-myologie.org\/imotion\/outils\/","title":{"rendered":"Les outils"},"content":{"rendered":"<p>Les pathologies neuromusculaires sont pour la plupart \u00e9volutives dans le temps. Des tests permettent d\u2019avoir une vision de la pathologie \u00e0 l\u2019instant t mais \u00e9galement un suivi dans le temps.<\/p>\n<div class=\"entry__gallery packery row large-12\"><div class=\"col-4 entry__gallery__column\"><div class=\"entry__image column\"><div class=\"background-container\" style=\"background-image:url(https:\/\/www.institut-myologie.org\/imotion\/wp-content\/uploads\/2021\/04\/AFMTLT_201027_IMOTION_Consult_Enf_DMD_CH_049-1024x674.jpg)\"><\/div><\/div><\/div><div class=\"col-4 entry__gallery__column\"><div class=\"entry__image column\"><div class=\"background-container\" style=\"background-image:url(https:\/\/www.institut-myologie.org\/imotion\/wp-content\/uploads\/2021\/08\/Outils2-I-Motion-2020.jpg)\"><\/div><\/div><\/div><div class=\"col-4 entry__gallery__column\"><div class=\"entry__image column\"><div class=\"background-container\" style=\"background-image:url(https:\/\/www.institut-myologie.org\/imotion\/wp-content\/uploads\/2021\/08\/Outils3-I-Motion-2020.jpg)\"><\/div><\/div><\/div><\/div>\n<p>Les tests d\u2019\u00e9valuation de la fonction respiratoire, musculaire, articulaire et fonctionnelle constituent une batterie d&rsquo;outils pr\u00e9cieux utilis\u00e9s \u00e0 la fois lors de consultations et dans le cadre d\u2019essais cliniques :<\/p>\n<ul>\n<li>Lors de la <a href=\"https:\/\/www.institut-myologie.org\/imotion\/consultation\/\" target=\"_blank\" rel=\"noopener\"><strong>consultation<\/strong><\/a>, ils permettent de d\u00e9crire pr\u00e9cis\u00e9ment la symptomatologie et les d\u00e9ficits de la maladie neuromusculaire. Une fois le bilan \u00e9tabli, nous pouvons choisir la r\u00e9\u00e9ducation de mani\u00e8re pr\u00e9cise et adapter \u00e0 chaque enfant.<\/li>\n<li>Dans le cadre d\u2019<a href=\"https:\/\/www.institut-myologie.org\/imotion\/quest-ce-quun-essai-clinique\/\" target=\"_blank\" rel=\"noopener\"><strong>essais th\u00e9rapeutiques<\/strong><\/a>, ces tests vont permettent de s\u00e9lectionner des groupes de patients homog\u00e8nes pour pouvoir \u00e9valuer de mani\u00e8re plus objective l\u2019effet de certaines th\u00e9rapeutiques. Nous pourrons ensuite ainsi \u00e9valuer l\u2019efficacit\u00e9 ou non des m\u00e9dicaments test\u00e9s.<\/li>\n<\/ul>\n<p>Certains tests mesurent pr\u00e9cis\u00e9ment la force, muscle par muscle. D\u2019autres tests, plus globaux, permettent d\u2019\u00e9valuer les fonctions motrices des membres inf\u00e9rieurs et sup\u00e9rieurs dans leur globalit\u00e9. Ces tests permettent de voir la cons\u00e9quence des maladies dans les activit\u00e9s de la vie quotidienne des enfants.<\/p>\n<p>Ainsi, on distingue :<\/p>\n<ul>\n<li>les \u00e9chelles d\u2019\u00e9valuation de la fonction motrice (<a href=\"https:\/\/www.institut-myologie.org\/imotion\/mfm\/\">MFM<\/a>, <a href=\"https:\/\/www.institut-myologie.org\/imotion\/nsaa\/\">NSAA<\/a>, <a href=\"https:\/\/www.institut-myologie.org\/imotion\/chop\/\">CHOP<\/a>, <a href=\"https:\/\/www.institut-myologie.org\/imotion\/hfmse\/\">HFMSE<\/a>, <a href=\"https:\/\/www.institut-myologie.org\/imotion\/gmfm\/\">GMFM<\/a>, <a href=\"https:\/\/www.institut-myologie.org\/imotion\/echelle-de-bayley\/\">\u00e9chelle de Bayley<\/a>, <a href=\"https:\/\/www.institut-myologie.org\/imotion\/echelle-de-peabody\/\">\u00e9chelle de Peabody<\/a>, <a href=\"https:\/\/www.institut-myologie.org\/imotion\/evaluation-des-membres-superieurs\/\">\u00e9valuation des membres sup\u00e9rieurs (PUL et RULM)<\/a><\/li>\n<li>les tests de marche chronom\u00e9tr\u00e9s (<a href=\"https:\/\/www.institut-myologie.org\/imotion\/tests-de-marche-chronometres\/\">test de marche de 6 minutes<\/a>,\u00a0<a href=\"https:\/\/www.institut-myologie.org\/imotion\/tests-de-marche-chronometres\/\">test de 10 m\u00e8tres de marche ou course<\/a>,<a href=\"https:\/\/www.institut-myologie.org\/imotion\/tests-de-marche-chronometres\/\"> mont\u00e9e des 4 marches<\/a>) et les tests de relev\u00e9s chronom\u00e9tr\u00e9s (<a href=\"https:\/\/www.institut-myologie.org\/imotion\/tests-de-releves-chronometres\/\">relev\u00e9 chronom\u00e9tr\u00e9 du sol<\/a>,\u00a0<a href=\"https:\/\/www.institut-myologie.org\/imotion\/tests-de-releves-chronometres\/\">Timed Up and Go<\/a>,\u00a0<a href=\"https:\/\/www.institut-myologie.org\/imotion\/tests-de-releves-chronometres\/\">30 seconds sit to stand<\/a>)<\/li>\n<li>l&rsquo;\u00e9valuation de la force musculaire (<a href=\"https:\/\/www.institut-myologie.org\/imotion\/mmt\/\">MMT<\/a>, <a href=\"https:\/\/www.institut-myologie.org\/imotion\/myometre\/\">Dynamom\u00e9trie<\/a>, <a href=\"https:\/\/www.institut-myologie.org\/imotion\/myotools\/\">MyoTools<\/a>)<\/li>\n<li>l&rsquo;<a href=\"https:\/\/www.institut-myologie.org\/imotion\/evaluation-de-la-fonction-respiratoire\/\">\u00e9valuation de la fonction respiratoire<\/a> (spirom\u00e9trie)<\/li>\n<\/ul>\n","protected":false},"excerpt":{"rendered":"<p>Les pathologies neuromusculaires sont pour la plupart \u00e9volutives dans le temps. Des tests permettent d\u2019avoir une vision de la pathologie \u00e0 l\u2019instant t mais \u00e9galement un suivi dans le temps. Les tests d\u2019\u00e9valuation de la fonction respiratoire, musculaire, articulaire et fonctionnelle constituent une batterie d&rsquo;outils pr\u00e9cieux utilis\u00e9s \u00e0 la fois lors de consultations et dans &hellip; <a href=\"https:\/\/www.institut-myologie.org\/imotion\/outils\/\">Continued<\/a><\/p>\n","protected":false},"author":3,"featured_media":0,"parent":0,"menu_order":0,"comment_status":"closed","ping_status":"closed","template":"","meta":{"_acf_changed":false,"footnotes":""},"class_list":["post-164","page","type-page","status-publish","hentry"],"acf":[],"yoast_head":"<!-- This site is optimized with the Yoast SEO plugin v27.1.1 - https:\/\/yoast.com\/product\/yoast-seo-wordpress\/ -->\n<title>Les outils - I-Motion<\/title>\n<meta name=\"description\" content=\"Les tests d\u2019\u00e9valuation de la force et de la fonction motrice sont pr\u00e9cieux, \u00e0 la fois lors des consultations et dans le cadre d\u2019essais cliniques \u00e0 I-Motion.\" \/>\n<meta name=\"robots\" content=\"index, follow, max-snippet:-1, max-image-preview:large, max-video-preview:-1\" \/>\n<link rel=\"canonical\" href=\"https:\/\/www.institut-myologie.org\/imotion\/outils\/\" \/>\n<meta property=\"og:locale\" content=\"fr_FR\" \/>\n<meta property=\"og:type\" content=\"article\" \/>\n<meta property=\"og:title\" content=\"Les outils - I-Motion\" \/>\n<meta property=\"og:description\" content=\"Les tests d\u2019\u00e9valuation de la force et de la fonction motrice sont pr\u00e9cieux, \u00e0 la fois lors des consultations et dans le cadre d\u2019essais cliniques \u00e0 I-Motion.\" \/>\n<meta property=\"og:url\" content=\"https:\/\/www.institut-myologie.org\/imotion\/outils\/\" \/>\n<meta property=\"og:site_name\" content=\"I-Motion\" \/>\n<meta property=\"article:modified_time\" content=\"2021-08-25T13:21:38+00:00\" \/>\n<meta name=\"twitter:card\" content=\"summary_large_image\" \/>\n<meta name=\"twitter:label1\" content=\"Dur\u00e9e de lecture estim\u00e9e\" \/>\n\t<meta name=\"twitter:data1\" content=\"2 minutes\" \/>\n<script type=\"application\/ld+json\" class=\"yoast-schema-graph\">{\"@context\":\"https:\/\/schema.org\",\"@graph\":[{\"@type\":\"WebPage\",\"@id\":\"https:\/\/www.institut-myologie.org\/imotion\/outils\/\",\"url\":\"https:\/\/www.institut-myologie.org\/imotion\/outils\/\",\"name\":\"Les outils - I-Motion\",\"isPartOf\":{\"@id\":\"https:\/\/www.institut-myologie.org\/imotion\/#website\"},\"datePublished\":\"2016-11-03T09:54:02+00:00\",\"dateModified\":\"2021-08-25T13:21:38+00:00\",\"description\":\"Les tests d\u2019\u00e9valuation de la force et de la fonction motrice sont pr\u00e9cieux, \u00e0 la fois lors des consultations et dans le cadre d\u2019essais cliniques \u00e0 I-Motion.\",\"breadcrumb\":{\"@id\":\"https:\/\/www.institut-myologie.org\/imotion\/outils\/#breadcrumb\"},\"inLanguage\":\"fr-FR\",\"potentialAction\":[{\"@type\":\"ReadAction\",\"target\":[\"https:\/\/www.institut-myologie.org\/imotion\/outils\/\"]}]},{\"@type\":\"BreadcrumbList\",\"@id\":\"https:\/\/www.institut-myologie.org\/imotion\/outils\/#breadcrumb\",\"itemListElement\":[{\"@type\":\"ListItem\",\"position\":1,\"name\":\"Home\",\"item\":\"https:\/\/www.institut-myologie.org\/imotion\/\"},{\"@type\":\"ListItem\",\"position\":2,\"name\":\"Les outils\"}]},{\"@type\":\"WebSite\",\"@id\":\"https:\/\/www.institut-myologie.org\/imotion\/#website\",\"url\":\"https:\/\/www.institut-myologie.org\/imotion\/\",\"name\":\"I-Motion\",\"description\":\"Plateforme d&#039;essais cliniques p\u00e9diatriques pour les maladies neuromusculaires\",\"publisher\":{\"@id\":\"https:\/\/www.institut-myologie.org\/imotion\/#organization\"},\"potentialAction\":[{\"@type\":\"SearchAction\",\"target\":{\"@type\":\"EntryPoint\",\"urlTemplate\":\"https:\/\/www.institut-myologie.org\/imotion\/?s={search_term_string}\"},\"query-input\":{\"@type\":\"PropertyValueSpecification\",\"valueRequired\":true,\"valueName\":\"search_term_string\"}}],\"inLanguage\":\"fr-FR\"},{\"@type\":\"Organization\",\"@id\":\"https:\/\/www.institut-myologie.org\/imotion\/#organization\",\"name\":\"Institut I-Motion\",\"url\":\"https:\/\/www.institut-myologie.org\/imotion\/\",\"logo\":{\"@type\":\"ImageObject\",\"inLanguage\":\"fr-FR\",\"@id\":\"https:\/\/www.institut-myologie.org\/imotion\/#\/schema\/logo\/image\/\",\"url\":\"https:\/\/www.institut-myologie.org\/imotion\/wp-content\/uploads\/2016\/08\/logoImotion.png\",\"contentUrl\":\"https:\/\/www.institut-myologie.org\/imotion\/wp-content\/uploads\/2016\/08\/logoImotion.png\",\"width\":150,\"height\":51,\"caption\":\"Institut I-Motion\"},\"image\":{\"@id\":\"https:\/\/www.institut-myologie.org\/imotion\/#\/schema\/logo\/image\/\"}}]}<\/script>\n<!-- \/ Yoast SEO plugin. -->","yoast_head_json":{"title":"Les outils - I-Motion","description":"Les tests d\u2019\u00e9valuation de la force et de la fonction motrice sont pr\u00e9cieux, \u00e0 la fois lors des consultations et dans le cadre d\u2019essais cliniques \u00e0 I-Motion.","robots":{"index":"index","follow":"follow","max-snippet":"max-snippet:-1","max-image-preview":"max-image-preview:large","max-video-preview":"max-video-preview:-1"},"canonical":"https:\/\/www.institut-myologie.org\/imotion\/outils\/","og_locale":"fr_FR","og_type":"article","og_title":"Les outils - I-Motion","og_description":"Les tests d\u2019\u00e9valuation de la force et de la fonction motrice sont pr\u00e9cieux, \u00e0 la fois lors des consultations et dans le cadre d\u2019essais cliniques \u00e0 I-Motion.","og_url":"https:\/\/www.institut-myologie.org\/imotion\/outils\/","og_site_name":"I-Motion","article_modified_time":"2021-08-25T13:21:38+00:00","twitter_card":"summary_large_image","twitter_misc":{"Dur\u00e9e de lecture estim\u00e9e":"2 minutes"},"schema":{"@context":"https:\/\/schema.org","@graph":[{"@type":"WebPage","@id":"https:\/\/www.institut-myologie.org\/imotion\/outils\/","url":"https:\/\/www.institut-myologie.org\/imotion\/outils\/","name":"Les outils - I-Motion","isPartOf":{"@id":"https:\/\/www.institut-myologie.org\/imotion\/#website"},"datePublished":"2016-11-03T09:54:02+00:00","dateModified":"2021-08-25T13:21:38+00:00","description":"Les tests d\u2019\u00e9valuation de la force et de la fonction motrice sont pr\u00e9cieux, \u00e0 la fois lors des consultations et dans le cadre d\u2019essais cliniques \u00e0 I-Motion.","breadcrumb":{"@id":"https:\/\/www.institut-myologie.org\/imotion\/outils\/#breadcrumb"},"inLanguage":"fr-FR","potentialAction":[{"@type":"ReadAction","target":["https:\/\/www.institut-myologie.org\/imotion\/outils\/"]}]},{"@type":"BreadcrumbList","@id":"https:\/\/www.institut-myologie.org\/imotion\/outils\/#breadcrumb","itemListElement":[{"@type":"ListItem","position":1,"name":"Home","item":"https:\/\/www.institut-myologie.org\/imotion\/"},{"@type":"ListItem","position":2,"name":"Les outils"}]},{"@type":"WebSite","@id":"https:\/\/www.institut-myologie.org\/imotion\/#website","url":"https:\/\/www.institut-myologie.org\/imotion\/","name":"I-Motion","description":"Plateforme d&#039;essais cliniques p\u00e9diatriques pour les maladies neuromusculaires","publisher":{"@id":"https:\/\/www.institut-myologie.org\/imotion\/#organization"},"potentialAction":[{"@type":"SearchAction","target":{"@type":"EntryPoint","urlTemplate":"https:\/\/www.institut-myologie.org\/imotion\/?s={search_term_string}"},"query-input":{"@type":"PropertyValueSpecification","valueRequired":true,"valueName":"search_term_string"}}],"inLanguage":"fr-FR"},{"@type":"Organization","@id":"https:\/\/www.institut-myologie.org\/imotion\/#organization","name":"Institut I-Motion","url":"https:\/\/www.institut-myologie.org\/imotion\/","logo":{"@type":"ImageObject","inLanguage":"fr-FR","@id":"https:\/\/www.institut-myologie.org\/imotion\/#\/schema\/logo\/image\/","url":"https:\/\/www.institut-myologie.org\/imotion\/wp-content\/uploads\/2016\/08\/logoImotion.png","contentUrl":"https:\/\/www.institut-myologie.org\/imotion\/wp-content\/uploads\/2016\/08\/logoImotion.png","width":150,"height":51,"caption":"Institut I-Motion"},"image":{"@id":"https:\/\/www.institut-myologie.org\/imotion\/#\/schema\/logo\/image\/"}}]}},"_links":{"self":[{"href":"https:\/\/www.institut-myologie.org\/imotion\/wp-json\/wp\/v2\/pages\/164","targetHints":{"allow":["GET"]}}],"collection":[{"href":"https:\/\/www.institut-myologie.org\/imotion\/wp-json\/wp\/v2\/pages"}],"about":[{"href":"https:\/\/www.institut-myologie.org\/imotion\/wp-json\/wp\/v2\/types\/page"}],"author":[{"embeddable":true,"href":"https:\/\/www.institut-myologie.org\/imotion\/wp-json\/wp\/v2\/users\/3"}],"replies":[{"embeddable":true,"href":"https:\/\/www.institut-myologie.org\/imotion\/wp-json\/wp\/v2\/comments?post=164"}],"version-history":[{"count":21,"href":"https:\/\/www.institut-myologie.org\/imotion\/wp-json\/wp\/v2\/pages\/164\/revisions"}],"predecessor-version":[{"id":2469,"href":"https:\/\/www.institut-myologie.org\/imotion\/wp-json\/wp\/v2\/pages\/164\/revisions\/2469"}],"wp:attachment":[{"href":"https:\/\/www.institut-myologie.org\/imotion\/wp-json\/wp\/v2\/media?parent=164"}],"curies":[{"name":"wp","href":"https:\/\/api.w.org\/{rel}","templated":true}]}}